Last updated on 2024-03-28 06:52:46 CET.
Flavor | Version | Tinstall | Tcheck | Ttotal | Status | Flags |
---|---|---|---|---|---|---|
r-devel-linux-x86_64-debian-clang | 0.2-4 | 78.72 | 81.51 | 160.23 | NOTE | |
r-devel-linux-x86_64-debian-gcc | 0.2-4 | 60.01 | 62.01 | 122.02 | NOTE | |
r-devel-linux-x86_64-fedora-clang | 0.2-4 | 230.39 | NOTE | |||
r-devel-linux-x86_64-fedora-gcc | 0.2-4 | 229.36 | NOTE | |||
r-devel-windows-x86_64 | 0.2-4 | 61.00 | 104.00 | 165.00 | NOTE | |
r-patched-linux-x86_64 | 0.2-4 | 73.98 | 79.79 | 153.77 | NOTE | |
r-release-linux-x86_64 | 0.2-4 | 76.51 | 77.78 | 154.29 | NOTE | |
r-release-macos-arm64 | 0.2-4 | 65.00 | NOTE | |||
r-release-macos-x86_64 | 0.2-4 | 91.00 | NOTE | |||
r-release-windows-x86_64 | 0.2-4 | 56.00 | 124.00 | 180.00 | NOTE | |
r-oldrel-macos-arm64 | 0.2-4 | 60.00 | NOTE | |||
r-oldrel-windows-x86_64 | 0.2-4 | 75.00 | 126.00 | 201.00 | NOTE |
Version: 0.2-4
Check: C++ specification
Result: NOTE
Specified C++11: please drop specification unless essential
Flavors: r-devel-linux-x86_64-debian-clang, r-devel-linux-x86_64-debian-gcc, r-devel-linux-x86_64-fedora-clang, r-devel-linux-x86_64-fedora-gcc, r-devel-windows-x86_64, r-patched-linux-x86_64, r-release-linux-x86_64, r-release-macos-arm64, r-release-macos-x86_64, r-release-windows-x86_64
Version: 0.2-4
Check: for GNU extensions in Makefiles
Result: NOTE
GNU make is a SystemRequirements.
Flavors: r-devel-linux-x86_64-debian-clang, r-devel-linux-x86_64-debian-gcc, r-devel-linux-x86_64-fedora-clang, r-devel-linux-x86_64-fedora-gcc, r-devel-windows-x86_64, r-patched-linux-x86_64, r-release-linux-x86_64, r-release-macos-arm64, r-release-windows-x86_64, r-oldrel-macos-arm64, r-oldrel-windows-x86_64