CRAN Package Check Results for Package DOVE

Last updated on 2022-09-27 11:51:11 CEST.

Flavor Version Tinstall Tcheck Ttotal Status Flags
r-devel-linux-x86_64-debian-clang 1.9 103.71 281.39 385.10 OK
r-devel-linux-x86_64-debian-gcc 1.9 75.61 199.92 275.53 OK
r-devel-linux-x86_64-fedora-clang 1.9 497.44 OK
r-devel-linux-x86_64-fedora-gcc 1.9 485.56 OK
r-devel-windows-x86_64 1.9 76.00 295.00 371.00 OK
r-patched-linux-x86_64 1.9 89.26 267.91 357.17 OK
r-release-linux-x86_64 1.9 84.48 268.80 353.28 OK
r-release-macos-arm64 1.9 113.00 NOTE
r-release-macos-x86_64 1.9 145.00 NOTE
r-release-windows-x86_64 1.9 76.00 289.00 365.00 OK
r-oldrel-macos-arm64 1.9 115.00 NOTE
r-oldrel-macos-x86_64 1.9 144.00 NOTE
r-oldrel-windows-ix86+x86_64 1.9 230.00 368.00 598.00 OK

Check Details

Version: 1.9
Check: installed package size
Result: NOTE
     installed size is 5.3Mb
     sub-directories of 1Mb or more:
     libs 4.7Mb
Flavors: r-release-macos-arm64, r-release-macos-x86_64, r-oldrel-macos-arm64, r-oldrel-macos-x86_64