CRAN Package Check Results for Package DPP

Last updated on 2021-07-27 17:50:51 CEST.

Flavor Version Tinstall Tcheck Ttotal Status Flags
r-devel-linux-x86_64-debian-clang 0.1.2 53.91 55.88 109.79 OK
r-devel-linux-x86_64-debian-gcc 0.1.2 38.72 43.15 81.87 OK
r-devel-linux-x86_64-fedora-clang 0.1.2 158.90 NOTE
r-devel-linux-x86_64-fedora-gcc 0.1.2 140.48 OK
r-devel-windows-x86_64 0.1.2 64.00 93.00 157.00 OK
r-devel-windows-x86_64-gcc10-UCRT 0.1.2 OK
r-patched-linux-x86_64 0.1.2 46.05 54.90 100.95 OK
r-patched-solaris-x86 0.1.2 152.70 OK
r-release-linux-x86_64 0.1.2 45.21 53.36 98.57 OK
r-release-macos-arm64 0.1.2 NOTE
r-release-macos-x86_64 0.1.2 NOTE
r-release-windows-ix86+x86_64 0.1.2 121.00 104.00 225.00 OK
r-oldrel-macos-x86_64 0.1.2 NOTE
r-oldrel-windows-ix86+x86_64 0.1.2 96.00 115.00 211.00 OK

Check Details

Version: 0.1.2
Check: installed package size
Result: NOTE
     installed size is 5.5Mb
     sub-directories of 1Mb or more:
     libs 4.9Mb
Flavors: r-devel-linux-x86_64-fedora-clang, r-release-macos-arm64, r-release-macos-x86_64, r-oldrel-macos-x86_64