CRAN Package Check Results for Package DRR

Last updated on 2021-06-20 11:51:14 CEST.

Flavor Version Tinstall Tcheck Ttotal Status Flags
r-devel-linux-x86_64-debian-clang 0.0.4 9.95 268.49 278.44 NOTE
r-devel-linux-x86_64-debian-gcc 0.0.4 7.33 199.60 206.93 NOTE
r-devel-linux-x86_64-fedora-clang 0.0.4 318.71 NOTE
r-devel-linux-x86_64-fedora-gcc 0.0.4 316.40 NOTE
r-devel-windows-x86_64 0.0.4 12.00 222.00 234.00 NOTE
r-devel-windows-x86_64-gcc10-UCRT 0.0.4 NOTE
r-patched-linux-x86_64 0.0.4 6.69 257.96 264.65 NOTE
r-patched-solaris-x86 0.0.4 410.80 NOTE
r-release-linux-x86_64 0.0.4 6.80 260.81 267.61 NOTE
r-release-macos-arm64 0.0.4 NOTE
r-release-macos-x86_64 0.0.4 NOTE
r-release-windows-ix86+x86_64 0.0.4 19.00 303.00 322.00 NOTE
r-oldrel-macos-x86_64 0.0.4 OK
r-oldrel-windows-ix86+x86_64 0.0.4 12.00 322.00 334.00 OK

Check Details

Version: 0.0.4
Check: LazyData
Result: NOTE
     'LazyData' is specified without a 'data' directory
Flavors: r-devel-linux-x86_64-debian-clang, r-devel-linux-x86_64-debian-gcc, r-devel-linux-x86_64-fedora-clang, r-devel-linux-x86_64-fedora-gcc, r-devel-windows-x86_64, r-devel-windows-x86_64-gcc10-UCRT, r-patched-linux-x86_64, r-patched-solaris-x86, r-release-linux-x86_64, r-release-macos-arm64, r-release-macos-x86_64, r-release-windows-ix86+x86_64