CRAN Package Check Results for Package DSSP

Last updated on 2024-05-25 11:49:30 CEST.

Flavor Version Tinstall Tcheck Ttotal Status Flags
r-devel-linux-x86_64-debian-clang 0.1.1 73.77 155.76 229.53 NOTE
r-devel-linux-x86_64-debian-gcc 0.1.1 52.72 177.07 229.79 NOTE
r-devel-linux-x86_64-fedora-clang 0.1.1 317.49 NOTE
r-devel-linux-x86_64-fedora-gcc 0.1.1 400.57 NOTE
r-devel-windows-x86_64 0.1.1 57.00 180.00 237.00 NOTE
r-patched-linux-x86_64 0.1.1 63.95 220.77 284.72 NOTE
r-release-linux-x86_64 0.1.1 69.28 219.61 288.89 NOTE
r-release-macos-arm64 0.1.1 122.00 NOTE
r-release-windows-x86_64 0.1.1 57.00 184.00 241.00 NOTE
r-oldrel-macos-arm64 0.1.1 135.00 NOTE
r-oldrel-macos-x86_64 0.1.1 206.00 NOTE
r-oldrel-windows-x86_64 0.1.1 74.00 241.00 315.00 NOTE

Check Details

Version: 0.1.1
Check: C++ specification
Result: NOTE Specified C++11: please drop specification unless essential Flavors: r-devel-linux-x86_64-debian-clang, r-devel-linux-x86_64-debian-gcc, r-devel-linux-x86_64-fedora-clang, r-devel-linux-x86_64-fedora-gcc, r-devel-windows-x86_64, r-patched-linux-x86_64, r-release-linux-x86_64, r-release-macos-arm64, r-release-windows-x86_64, r-oldrel-macos-arm64, r-oldrel-macos-x86_64, r-oldrel-windows-x86_64