Last updated on 2023-02-01 06:56:08 CET.
Flavor | Version | Tinstall | Tcheck | Ttotal | Status | Flags |
---|---|---|---|---|---|---|
r-devel-linux-x86_64-debian-clang | 0.1.1 | 79.56 | 221.27 | 300.83 | NOTE | |
r-devel-linux-x86_64-debian-gcc | 0.1.1 | 61.54 | 173.90 | 235.44 | NOTE | |
r-devel-linux-x86_64-fedora-clang | 0.1.1 | 392.35 | NOTE | |||
r-devel-linux-x86_64-fedora-gcc | 0.1.1 | 373.24 | NOTE | |||
r-devel-windows-x86_64 | 0.1.1 | 60.00 | 275.00 | 335.00 | NOTE | |
r-patched-linux-x86_64 | 0.1.1 | 50.20 | 210.87 | 261.07 | OK | |
r-release-linux-x86_64 | 0.1.1 | 56.77 | 212.94 | 269.71 | OK | |
r-release-macos-arm64 | 0.1.1 | 160.00 | OK | |||
r-release-macos-x86_64 | 0.1.1 | 559.00 | OK | |||
r-release-windows-x86_64 | 0.1.1 | 74.00 | 277.00 | 351.00 | OK | |
r-oldrel-macos-arm64 | 0.1.1 | 162.00 | OK | |||
r-oldrel-macos-x86_64 | 0.1.1 | 146.00 | OK | |||
r-oldrel-windows-ix86+x86_64 | 0.1.1 | 185.00 | 320.00 | 505.00 | OK |
Version: 0.1.1
Check: C++ specification
Result: NOTE
Specified C++11: please update to current default of C++17
Flavors: r-devel-linux-x86_64-debian-clang, r-devel-linux-x86_64-debian-gcc, r-devel-linux-x86_64-fedora-clang, r-devel-linux-x86_64-fedora-gcc, r-devel-windows-x86_64