Last updated on 2024-08-31 23:49:02 CEST.
Flavor | Version | Tinstall | Tcheck | Ttotal | Status | Flags |
---|---|---|---|---|---|---|
r-devel-linux-x86_64-debian-clang | 0.1.1 | 46.67 | 119.75 | 166.42 | NOTE | |
r-devel-linux-x86_64-debian-gcc | 0.1.1 | 29.86 | 114.06 | 143.92 | NOTE | |
r-devel-linux-x86_64-fedora-clang | 0.1.1 | 292.42 | NOTE | |||
r-devel-linux-x86_64-fedora-gcc | 0.1.1 | 390.78 | NOTE | |||
r-devel-windows-x86_64 | 0.1.1 | 48.00 | 172.00 | 220.00 | NOTE | |
r-patched-linux-x86_64 | 0.1.1 | 43.96 | 174.28 | 218.24 | NOTE | |
r-release-linux-x86_64 | 0.1.1 | 42.54 | 173.93 | 216.47 | NOTE | |
r-release-macos-arm64 | 0.1.1 | 122.00 | NOTE | |||
r-release-macos-x86_64 | 0.1.1 | 173.00 | NOTE | |||
r-release-windows-x86_64 | 0.1.1 | 47.00 | 185.00 | 232.00 | NOTE | |
r-oldrel-macos-arm64 | 0.1.1 | 135.00 | NOTE | |||
r-oldrel-macos-x86_64 | 0.1.1 | 206.00 | NOTE | |||
r-oldrel-windows-x86_64 | 0.1.1 | 61.00 | 238.00 | 299.00 | NOTE |
Version: 0.1.1
Check: C++ specification
Result: NOTE
Specified C++11: please drop specification unless essential
Flavors: r-devel-linux-x86_64-debian-clang, r-devel-linux-x86_64-debian-gcc, r-devel-linux-x86_64-fedora-clang, r-devel-linux-x86_64-fedora-gcc, r-devel-windows-x86_64, r-patched-linux-x86_64, r-release-linux-x86_64, r-release-macos-arm64, r-release-macos-x86_64, r-release-windows-x86_64, r-oldrel-macos-arm64, r-oldrel-macos-x86_64, r-oldrel-windows-x86_64