CRAN Package Check Results for Package DT

Last updated on 2022-08-08 17:53:47 CEST.

Flavor Version Tinstall Tcheck Ttotal Status Flags
r-devel-linux-x86_64-debian-clang 0.23 5.13 45.61 50.74 OK
r-devel-linux-x86_64-debian-gcc 0.23 4.93 35.32 40.25 OK
r-devel-linux-x86_64-fedora-clang 0.23 73.00 NOTE
r-devel-linux-x86_64-fedora-gcc 0.23 70.60 OK
r-devel-windows-x86_64 0.23 11.00 83.00 94.00 NOTE
r-patched-linux-x86_64 0.23 6.49 44.60 51.09 OK
r-release-linux-x86_64 0.23 OK
r-release-macos-arm64 0.23 29.00 NOTE
r-release-macos-x86_64 0.23 36.00 NOTE
r-release-windows-x86_64 0.23 1121.00 84.00 1205.00 NOTE
r-oldrel-macos-arm64 0.23 25.00 NOTE
r-oldrel-macos-x86_64 0.23 40.00 NOTE
r-oldrel-windows-ix86+x86_64 0.23 13.00 64.00 77.00 NOTE

Check Details

Version: 0.23
Check: installed package size
Result: NOTE
     installed size is 5.9Mb
     sub-directories of 1Mb or more:
     htmlwidgets 4.9Mb
Flavors: r-devel-linux-x86_64-fedora-clang, r-devel-windows-x86_64, r-release-macos-arm64, r-release-macos-x86_64, r-release-windows-x86_64, r-oldrel-macos-arm64, r-oldrel-macos-x86_64, r-oldrel-windows-ix86+x86_64