CRAN Package Check Results for Package DTDA.cif

Last updated on 2022-09-27 11:51:12 CEST.

Flavor Version Tinstall Tcheck Ttotal Status Flags
r-devel-linux-x86_64-debian-clang 1.0.2 21.16 40.68 61.84 NOTE
r-devel-linux-x86_64-debian-gcc 1.0.2 15.50 31.13 46.63 NOTE
r-devel-linux-x86_64-fedora-clang 1.0.2 94.83 NOTE
r-devel-linux-x86_64-fedora-gcc 1.0.2 84.44 NOTE
r-devel-windows-x86_64 1.0.2 22.00 82.00 104.00 NOTE
r-patched-linux-x86_64 1.0.2 16.59 39.39 55.98 NOTE
r-release-linux-x86_64 1.0.2 18.06 38.90 56.96 NOTE
r-release-macos-arm64 1.0.2 26.00 NOTE
r-release-macos-x86_64 1.0.2 38.00 NOTE
r-release-windows-x86_64 1.0.2 24.00 83.00 107.00 NOTE
r-oldrel-macos-arm64 1.0.2 33.00 NOTE
r-oldrel-macos-x86_64 1.0.2 46.00 NOTE
r-oldrel-windows-ix86+x86_64 1.0.2 52.00 93.00 145.00 NOTE

Check Details

Version: 1.0.2
Check: LazyData
Result: NOTE
     'LazyData' is specified without a 'data' directory
Flavors: r-devel-linux-x86_64-debian-clang, r-devel-linux-x86_64-debian-gcc, r-devel-linux-x86_64-fedora-clang, r-devel-linux-x86_64-fedora-gcc, r-devel-windows-x86_64, r-patched-linux-x86_64, r-release-linux-x86_64, r-release-macos-arm64, r-release-macos-x86_64, r-release-windows-x86_64, r-oldrel-macos-arm64, r-oldrel-macos-x86_64, r-oldrel-windows-ix86+x86_64