Last updated on 2024-03-29 11:53:50 CET.
Flavor | Version | Tinstall | Tcheck | Ttotal | Status | Flags |
---|---|---|---|---|---|---|
r-devel-linux-x86_64-debian-clang | 0.2.21 | 4.67 | 51.96 | 56.63 | NOTE | |
r-devel-linux-x86_64-debian-gcc | 0.2.21 | 4.90 | 39.70 | 44.60 | NOTE | |
r-devel-linux-x86_64-fedora-clang | 0.2.21 | 73.95 | NOTE | |||
r-devel-linux-x86_64-fedora-gcc | 0.2.21 | 77.02 | NOTE | |||
r-devel-windows-x86_64 | 0.2.21 | 7.00 | 62.00 | 69.00 | NOTE | |
r-patched-linux-x86_64 | 0.2.21 | 11.60 | 50.88 | 62.48 | NOTE | |
r-release-linux-x86_64 | 0.2.21 | 5.78 | 49.82 | 55.60 | OK | |
r-release-macos-arm64 | 0.2.21 | 24.00 | OK | |||
r-release-macos-x86_64 | 0.2.21 | 38.00 | OK | |||
r-release-windows-x86_64 | 0.2.21 | 8.00 | 68.00 | 76.00 | OK | |
r-oldrel-macos-arm64 | 0.2.21 | 24.00 | OK | |||
r-oldrel-windows-x86_64 | 0.2.21 | 8.00 | 72.00 | 80.00 | OK |
Version: 0.2.21
Check: Rd files
Result: NOTE
checkRd: (-1) StartEnd.Rd:31: Lost braces in \itemize; \value handles \item{}{} directly
checkRd: (-1) StartEnd.Rd:32: Lost braces in \itemize; \value handles \item{}{} directly
Flavors: r-devel-linux-x86_64-debian-clang, r-devel-linux-x86_64-debian-gcc, r-devel-linux-x86_64-fedora-clang, r-devel-linux-x86_64-fedora-gcc, r-devel-windows-x86_64, r-patched-linux-x86_64