Last updated on 2024-08-16 11:49:38 CEST.
Flavor | Version | Tinstall | Tcheck | Ttotal | Status | Flags |
---|---|---|---|---|---|---|
r-devel-linux-x86_64-debian-clang | 1.2.14 | 56.00 | 21.96 | 77.96 | OK | |
r-devel-linux-x86_64-debian-gcc | 1.2.14 | 47.59 | 17.39 | 64.98 | OK | |
r-devel-linux-x86_64-fedora-clang | 1.2.14 | 181.09 | OK | |||
r-devel-linux-x86_64-fedora-gcc | 1.2.14 | 177.43 | OK | |||
r-devel-windows-x86_64 | 1.2.14 | 68.00 | 71.00 | 139.00 | OK | |
r-patched-linux-x86_64 | 1.2.14 | 65.68 | 20.84 | 86.52 | OK | |
r-release-linux-x86_64 | 1.2.14 | 65.74 | 21.27 | 87.01 | OK | |
r-release-macos-arm64 | 1.2.14 | 38.00 | NOTE | |||
r-release-macos-x86_64 | 1.2.14 | 62.00 | NOTE | |||
r-release-windows-x86_64 | 1.2.14 | 70.00 | 78.00 | 148.00 | OK | |
r-oldrel-macos-arm64 | 1.2.14 | 48.00 | NOTE | |||
r-oldrel-macos-x86_64 | 1.2.14 | 72.00 | NOTE | |||
r-oldrel-windows-x86_64 | 1.2.14 | 62.00 | 79.00 | 141.00 | OK |
Version: 1.2.14
Check: installed package size
Result: NOTE
installed size is 7.3Mb
sub-directories of 1Mb or more:
libs 7.2Mb
Flavors: r-release-macos-arm64, r-release-macos-x86_64, r-oldrel-macos-arm64, r-oldrel-macos-x86_64