Last updated on 2024-08-16 11:49:38 CEST.
Flavor | Version | Tinstall | Tcheck | Ttotal | Status | Flags |
---|---|---|---|---|---|---|
r-devel-linux-x86_64-debian-clang | 1.3 | 7.38 | 61.63 | 69.01 | NOTE | |
r-devel-linux-x86_64-debian-gcc | 1.3 | 6.15 | 50.01 | 56.16 | NOTE | |
r-devel-linux-x86_64-fedora-clang | 1.3 | 115.66 | NOTE | |||
r-devel-linux-x86_64-fedora-gcc | 1.3 | 112.66 | NOTE | |||
r-devel-windows-x86_64 | 1.3 | 8.00 | 66.00 | 74.00 | NOTE | |
r-patched-linux-x86_64 | 1.3 | 7.33 | 59.24 | 66.57 | NOTE | |
r-release-linux-x86_64 | 1.3 | 7.22 | 60.73 | 67.95 | NOTE | |
r-release-macos-arm64 | 1.3 | 30.00 | NOTE | |||
r-release-macos-x86_64 | 1.3 | 44.00 | NOTE | |||
r-release-windows-x86_64 | 1.3 | 9.00 | 67.00 | 76.00 | NOTE | |
r-oldrel-macos-arm64 | 1.3 | 36.00 | NOTE | |||
r-oldrel-macos-x86_64 | 1.3 | 44.00 | NOTE | |||
r-oldrel-windows-x86_64 | 1.3 | 9.00 | 75.00 | 84.00 | NOTE |
Version: 1.3
Check: LazyData
Result: NOTE
'LazyData' is specified without a 'data' directory
Flavors: r-devel-linux-x86_64-debian-clang, r-devel-linux-x86_64-debian-gcc, r-devel-linux-x86_64-fedora-clang, r-devel-linux-x86_64-fedora-gcc, r-devel-windows-x86_64, r-patched-linux-x86_64, r-release-linux-x86_64, r-release-macos-arm64, r-release-macos-x86_64, r-release-windows-x86_64, r-oldrel-macos-arm64, r-oldrel-macos-x86_64, r-oldrel-windows-x86_64