CRAN Package Check Results for Package DataSpaceR

Last updated on 2021-05-11 23:50:38 CEST.

Flavor Version Tinstall Tcheck Ttotal Status Flags
r-devel-linux-x86_64-debian-clang 0.7.4 6.74 43.03 49.77 NOTE
r-devel-linux-x86_64-debian-gcc 0.7.4 4.95 33.33 38.28 NOTE
r-devel-linux-x86_64-fedora-clang 0.7.4 75.04 NOTE
r-devel-linux-x86_64-fedora-gcc 0.7.4 59.86 NOTE
r-devel-windows-ix86+x86_64 0.7.4 9.00 68.00 77.00 NOTE
r-devel-windows-x86_64-gcc10-UCRT 0.7.4 NOTE
r-patched-linux-x86_64 0.7.4 5.83 41.71 47.54 NOTE
r-patched-solaris-x86 0.7.4 83.80 NOTE
r-release-linux-x86_64 0.7.4 6.01 41.50 47.51 OK
r-release-macos-x86_64 0.7.4 OK
r-release-windows-ix86+x86_64 0.7.4 10.00 48.00 58.00 OK
r-oldrel-macos-x86_64 0.7.4 OK
r-oldrel-windows-ix86+x86_64 0.7.4 11.00 61.00 72.00 OK

Check Details

Version: 0.7.4
Check: LazyData
Result: NOTE
     'LazyData' is specified without a 'data' directory
Flavors: r-devel-linux-x86_64-debian-clang, r-devel-linux-x86_64-debian-gcc, r-devel-linux-x86_64-fedora-clang, r-devel-linux-x86_64-fedora-gcc, r-devel-windows-ix86+x86_64, r-devel-windows-x86_64-gcc10-UCRT, r-patched-linux-x86_64, r-patched-solaris-x86