CRAN Package Check Results for Package DataVisualizations

Last updated on 2020-10-22 05:47:56 CEST.

Flavor Version Tinstall Tcheck Ttotal Status Flags
r-devel-linux-x86_64-debian-clang 1.2.0 57.92 378.28 436.20 OK
r-devel-linux-x86_64-debian-gcc 1.2.0 40.15 312.44 352.59 OK
r-devel-linux-x86_64-fedora-clang 1.2.0 548.82 NOTE
r-devel-linux-x86_64-fedora-gcc 1.2.0 575.38 OK
r-devel-windows-ix86+x86_64 1.2.0 121.00 360.00 481.00 NOTE
r-patched-linux-x86_64 1.2.0 55.02 366.97 421.99 OK
r-patched-solaris-x86 1.2.0 781.10 OK
r-release-linux-x86_64 1.2.0 52.63 373.60 426.23 OK
r-release-macos-x86_64 1.2.0 OK
r-release-windows-ix86+x86_64 1.2.0 117.00 423.00 540.00 NOTE
r-oldrel-macos-x86_64 1.2.0 OK
r-oldrel-windows-ix86+x86_64 1.2.0 110.00 393.00 503.00 OK

Check Details

Version: 1.2.0
Check: Rd cross-references
Result: NOTE
    Undeclared package ‘FCPS’ in Rd xrefs
Flavor: r-devel-linux-x86_64-fedora-clang

Version: 1.2.0
Check: installed package size
Result: NOTE
     installed size is 5.2Mb
     sub-directories of 1Mb or more:
     doc 1.7Mb
     libs 2.1Mb
Flavors: r-devel-windows-ix86+x86_64, r-release-windows-ix86+x86_64