CRAN Package Check Results for Package DatabionicSwarm

Last updated on 2021-07-27 23:51:08 CEST.

Flavor Version Tinstall Tcheck Ttotal Status Flags
r-devel-linux-x86_64-debian-clang 1.1.5 159.63 105.62 265.25 OK
r-devel-linux-x86_64-debian-gcc 1.1.5 99.08 75.81 174.89 OK
r-devel-linux-x86_64-fedora-clang 1.1.5 379.18 NOTE
r-devel-linux-x86_64-fedora-gcc 1.1.5 323.74 OK
r-devel-windows-x86_64 1.1.5 182.00 144.00 326.00 OK
r-devel-windows-x86_64-gcc10-UCRT 1.1.5 OK
r-patched-linux-x86_64 1.1.5 124.25 97.91 222.16 OK
r-patched-solaris-x86 1.1.5 265.90 OK
r-release-linux-x86_64 1.1.5 108.18 98.39 206.57 OK
r-release-macos-arm64 1.1.5 NOTE
r-release-macos-x86_64 1.1.5 NOTE
r-release-windows-ix86+x86_64 1.1.5 352.00 159.00 511.00 NOTE
r-oldrel-macos-x86_64 1.1.5 NOTE
r-oldrel-windows-ix86+x86_64 1.1.5 262.00 175.00 437.00 NOTE

Check Details

Version: 1.1.5
Check: installed package size
Result: NOTE
     installed size is 7.2Mb
     sub-directories of 1Mb or more:
     doc 3.0Mb
     libs 3.9Mb
Flavors: r-devel-linux-x86_64-fedora-clang, r-release-macos-arm64, r-release-macos-x86_64, r-release-windows-ix86+x86_64, r-oldrel-macos-x86_64, r-oldrel-windows-ix86+x86_64