CRAN Package Check Results for Package DatastreamDSWS2R

Last updated on 2022-10-07 05:51:52 CEST.

Flavor Version Tinstall Tcheck Ttotal Status Flags
r-devel-linux-x86_64-debian-clang 1.8.2 12.55 64.19 76.74 NOTE
r-devel-linux-x86_64-debian-gcc 1.8.2 12.11 47.60 59.71 NOTE
r-devel-linux-x86_64-fedora-clang 1.8.2 111.41 NOTE
r-devel-linux-x86_64-fedora-gcc 1.8.2 102.44 NOTE
r-devel-windows-x86_64 1.8.2 78.00 91.00 169.00 NOTE
r-patched-linux-x86_64 1.8.2 15.58 60.24 75.82 OK
r-release-linux-x86_64 1.8.2 12.36 59.91 72.27 OK
r-release-macos-arm64 1.8.2 26.00 NOTE
r-release-macos-x86_64 1.8.2 54.00 NOTE
r-release-windows-x86_64 1.8.2 124.00 89.00 213.00 OK
r-oldrel-macos-arm64 1.8.2 28.00 NOTE
r-oldrel-macos-x86_64 1.8.2 38.00 NOTE
r-oldrel-windows-ix86+x86_64 1.8.2 32.00 83.00 115.00 OK

Check Details

Version: 1.8.2
Check: package subdirectories
Result: NOTE
    Problems with news in 'NEWS.md':
     Cannot extract version info from the following section titles:
     Datastream DWE - now decommissioned by Refinitiv
     CRAN
Flavors: r-devel-linux-x86_64-debian-clang, r-devel-linux-x86_64-debian-gcc, r-devel-linux-x86_64-fedora-clang, r-devel-linux-x86_64-fedora-gcc, r-devel-windows-x86_64

Version: 1.8.2
Check: data for non-ASCII characters
Result: NOTE
     Note: found 8 marked Latin-1 strings
Flavors: r-devel-linux-x86_64-fedora-clang, r-devel-linux-x86_64-fedora-gcc, r-release-macos-arm64, r-release-macos-x86_64, r-oldrel-macos-arm64, r-oldrel-macos-x86_64