CRAN Package Check Results for Package DepthProc

Last updated on 2021-06-16 11:54:16 CEST.

Flavor Version Tinstall Tcheck Ttotal Status Flags
r-devel-linux-x86_64-debian-clang 2.1.3 191.68 180.52 372.20 OK
r-devel-linux-x86_64-debian-gcc 2.1.3 122.71 128.15 250.86 OK
r-devel-linux-x86_64-fedora-clang 2.1.3 500.60 OK
r-devel-linux-x86_64-fedora-gcc 2.1.3 448.50 OK
r-devel-windows-x86_64 2.1.3 224.00 204.00 428.00 OK
r-devel-windows-x86_64-gcc10-UCRT 2.1.3 OK
r-patched-linux-x86_64 2.1.3 150.79 161.07 311.86 OK
r-patched-solaris-x86 2.1.3 475.60 OK
r-release-linux-x86_64 2.1.3 145.19 161.43 306.62 OK
r-release-macos-arm64 2.1.3 NOTE
r-release-macos-x86_64 2.1.3 OK
r-release-windows-ix86+x86_64 2.1.3 421.00 295.00 716.00 OK
r-oldrel-macos-x86_64 2.1.3 OK
r-oldrel-windows-ix86+x86_64 2.1.3 378.00 315.00 693.00 OK

Check Details

Version: 2.1.3
Check: installed package size
Result: NOTE
     installed size is 5.6Mb
     sub-directories of 1Mb or more:
     libs 4.6Mb
Flavor: r-release-macos-arm64