Last updated on 2023-03-22 12:53:45 CET.
Flavor | Version | Tinstall | Tcheck | Ttotal | Status | Flags |
---|---|---|---|---|---|---|
r-devel-linux-x86_64-debian-clang | 2.1.5 | 177.47 | 193.10 | 370.57 | NOTE | |
r-devel-linux-x86_64-debian-gcc | 2.1.5 | 133.13 | 135.98 | 269.11 | NOTE | |
r-devel-linux-x86_64-fedora-clang | 2.1.5 | 544.07 | NOTE | |||
r-devel-linux-x86_64-fedora-gcc | 2.1.5 | 449.09 | NOTE | |||
r-devel-windows-x86_64 | 2.1.5 | 196.00 | 233.00 | 429.00 | NOTE | |
r-patched-linux-x86_64 | 2.1.5 | 149.08 | 169.01 | 318.09 | OK | |
r-release-linux-x86_64 | 2.1.5 | 145.59 | 170.24 | 315.83 | OK | |
r-release-macos-arm64 | 2.1.5 | 109.00 | NOTE | |||
r-release-macos-x86_64 | 2.1.5 | 207.00 | OK | |||
r-release-windows-x86_64 | 2.1.5 | 155.00 | 230.00 | 385.00 | OK | |
r-oldrel-macos-arm64 | 2.1.5 | 98.00 | NOTE | |||
r-oldrel-macos-x86_64 | 2.1.5 | 144.00 | OK | |||
r-oldrel-windows-ix86+x86_64 | 2.1.5 | 430.00 | 294.00 | 724.00 | OK |
Version: 2.1.5
Check: C++ specification
Result: NOTE
Specified C++11: please drop specification unless essential
Flavors: r-devel-linux-x86_64-debian-clang, r-devel-linux-x86_64-debian-gcc, r-devel-linux-x86_64-fedora-clang, r-devel-linux-x86_64-fedora-gcc, r-devel-windows-x86_64
Version: 2.1.5
Check: installed package size
Result: NOTE
installed size is 5.1Mb
sub-directories of 1Mb or more:
libs 4.1Mb
Flavors: r-release-macos-arm64, r-oldrel-macos-arm64