Last updated on 2023-03-26 12:03:14 CEST.
Flavor | Version | Tinstall | Tcheck | Ttotal | Status | Flags |
---|---|---|---|---|---|---|
r-devel-linux-x86_64-debian-clang | 1.3.2 | 2.67 | 33.12 | 35.79 | OK | |
r-devel-linux-x86_64-debian-gcc | 1.3.2 | 2.01 | 25.70 | 27.71 | OK | |
r-devel-linux-x86_64-fedora-gcc | 1.3.2 | 54.14 | NOTE | |||
r-devel-windows-x86_64 | 1.3.2 | 65.00 | 70.00 | 135.00 | OK | |
r-patched-linux-x86_64 | 1.3.2 | 2.19 | 31.91 | 34.10 | OK | |
r-release-linux-x86_64 | 1.3.2 | 1.93 | 34.06 | 35.99 | OK | |
r-release-macos-arm64 | 1.3.2 | 20.00 | NOTE | |||
r-release-macos-x86_64 | 1.3.2 | 36.00 | NOTE | |||
r-release-windows-x86_64 | 1.3.2 | 104.00 | 73.00 | 177.00 | OK | |
r-oldrel-macos-arm64 | 1.3.2 | 28.00 | NOTE | |||
r-oldrel-macos-x86_64 | 1.3.2 | 32.00 | NOTE | |||
r-oldrel-windows-ix86+x86_64 | 1.3.2 | 7.00 | 63.00 | 70.00 | OK |
Version: 1.3.2
Check: data for non-ASCII characters
Result: NOTE
Note: found 5764 marked UTF-8 strings
Flavors: r-devel-linux-x86_64-fedora-gcc, r-release-macos-arm64, r-release-macos-x86_64, r-oldrel-macos-arm64, r-oldrel-macos-x86_64