CRAN Package Check Results for Package DirStats

Last updated on 2024-02-28 17:48:24 CET.

Flavor Version Tinstall Tcheck Ttotal Status Flags
r-devel-linux-x86_64-debian-clang 0.1.9 4.76 36.24 41.00 OK
r-devel-linux-x86_64-debian-gcc 0.1.9 4.06 26.86 30.92 OK
r-devel-linux-x86_64-fedora-clang 0.1.9 53.47 NOTE
r-devel-linux-x86_64-fedora-gcc 0.1.9 49.05 OK
r-devel-windows-x86_64 0.1.9 8.00 53.00 61.00 OK
r-patched-linux-x86_64 0.1.9 4.08 35.62 39.70 OK
r-release-linux-x86_64 0.1.9 5.23 35.20 40.43 OK
r-release-macos-arm64 0.1.9 23.00 OK
r-release-macos-x86_64 0.1.9 41.00 OK
r-release-windows-x86_64 0.1.9 9.00 59.00 68.00 OK
r-oldrel-macos-arm64 0.1.9 21.00 OK
r-oldrel-windows-x86_64 0.1.9 8.00 63.00 71.00 OK

Check Details

Version: 0.1.9
Check: installed package size
Result: NOTE installed size is 5.2Mb sub-directories of 1Mb or more: libs 4.9Mb Flavor: r-devel-linux-x86_64-fedora-clang