CRAN Package Check Results for Package DistributionUtils

Last updated on 2025-01-17 11:49:46 CET.

Flavor Version Tinstall Tcheck Ttotal Status Flags
r-devel-linux-x86_64-debian-clang 0.6-1 4.01 28.34 32.35 NOTE
r-devel-linux-x86_64-debian-gcc 0.6-1 3.11 20.50 23.61 NOTE
r-devel-linux-x86_64-fedora-clang 0.6-1 52.32 NOTE
r-devel-linux-x86_64-fedora-gcc 0.6-1 48.73 NOTE
r-devel-windows-x86_64 0.6-1 8.00 57.00 65.00 NOTE
r-patched-linux-x86_64 0.6-1 4.17 26.41 30.58 NOTE
r-release-linux-x86_64 0.6-1 3.86 27.19 31.05 NOTE
r-release-macos-arm64 0.6-1 19.00 NOTE
r-release-macos-x86_64 0.6-1 33.00 NOTE
r-release-windows-x86_64 0.6-1 8.00 56.00 64.00 NOTE
r-oldrel-macos-arm64 0.6-1 23.00 OK
r-oldrel-macos-x86_64 0.6-1 58.00 OK
r-oldrel-windows-x86_64 0.6-1 8.00 59.00 67.00 OK

Check Details

Version: 0.6-1
Check: Rd files
Result: NOTE checkRd: (-1) moranTest.Rd:37: Lost braces; missing escapes or markup? 37 | {M(theta)=-(log(y_1-y_0)+log(y_2-y_1)+...+log(y_m-y_m-1))} | ^ Flavors: r-devel-linux-x86_64-debian-clang, r-devel-linux-x86_64-debian-gcc, r-devel-linux-x86_64-fedora-clang, r-devel-linux-x86_64-fedora-gcc, r-devel-windows-x86_64, r-patched-linux-x86_64, r-release-linux-x86_64, r-release-macos-arm64, r-release-macos-x86_64, r-release-windows-x86_64