CRAN Package Check Results for Package DoE.MIParray

Last updated on 2022-01-26 23:50:15 CET.

Flavor Version Tinstall Tcheck Ttotal Status Flags
r-devel-linux-x86_64-debian-clang 1.0 7.96 61.06 69.02 NOTE
r-devel-linux-x86_64-debian-gcc 1.0 5.27 46.75 52.02 NOTE
r-devel-linux-x86_64-fedora-clang 1.0 82.63 NOTE
r-devel-linux-x86_64-fedora-gcc 1.0 72.63 NOTE
r-devel-windows-x86_64-new-UL 1.0 94.00 77.00 171.00 NOTE
r-devel-windows-x86_64-new-TK 1.0 NOTE
r-patched-linux-x86_64 1.0 10.83 59.00 69.83 NOTE
r-release-linux-x86_64 1.0 8.04 58.43 66.47 NOTE
r-release-macos-arm64 1.0 NOTE
r-release-macos-x86_64 1.0 NOTE
r-release-windows-ix86+x86_64 1.0 14.00 71.00 85.00 NOTE
r-oldrel-macos-x86_64 1.0 NOTE
r-oldrel-windows-ix86+x86_64 1.0 15.00 69.00 84.00 NOTE

Check Details

Version: 1.0
Check: package dependencies
Result: NOTE
    Package which this enhances but not available for checking: 'gurobi'
Flavors: r-devel-linux-x86_64-debian-clang, r-devel-linux-x86_64-debian-gcc, r-devel-linux-x86_64-fedora-clang, r-devel-linux-x86_64-fedora-gcc, r-devel-windows-x86_64-new-UL, r-devel-windows-x86_64-new-TK, r-patched-linux-x86_64, r-release-linux-x86_64, r-release-macos-arm64, r-release-macos-x86_64, r-release-windows-ix86+x86_64, r-oldrel-macos-x86_64, r-oldrel-windows-ix86+x86_64