Last updated on 2024-03-28 11:53:24 CET.
Flavor | Version | Tinstall | Tcheck | Ttotal | Status | Flags |
---|---|---|---|---|---|---|
r-devel-linux-x86_64-debian-clang | 0.12 | 7.95 | 112.79 | 120.74 | NOTE | |
r-devel-linux-x86_64-debian-gcc | 0.12 | 6.61 | 83.51 | 90.12 | NOTE | |
r-devel-linux-x86_64-fedora-clang | 0.12 | 154.46 | NOTE | |||
r-devel-linux-x86_64-fedora-gcc | 0.12 | 150.52 | NOTE | |||
r-devel-windows-x86_64 | 0.12 | 10.00 | 102.00 | 112.00 | NOTE | |
r-patched-linux-x86_64 | 0.12 | 13.56 | 106.50 | 120.06 | NOTE | |
r-release-linux-x86_64 | 0.12 | 6.16 | 110.63 | 116.79 | OK | |
r-release-macos-arm64 | 0.12 | 53.00 | OK | |||
r-release-macos-x86_64 | 0.12 | 128.00 | OK | |||
r-release-windows-x86_64 | 0.12 | 14.00 | 122.00 | 136.00 | OK | |
r-oldrel-macos-arm64 | 0.12 | 53.00 | OK | |||
r-oldrel-windows-x86_64 | 0.12 | 14.00 | 126.00 | 140.00 | OK |
Version: 0.12
Check: Rd files
Result: NOTE
checkRd: (-1) rsmformula.Rd:96: Lost braces
96 | URL{http://www.jstatsoft.org/v32/i07/}.
| ^
Flavors: r-devel-linux-x86_64-debian-clang, r-devel-linux-x86_64-debian-gcc, r-devel-linux-x86_64-fedora-clang, r-devel-linux-x86_64-fedora-gcc, r-devel-windows-x86_64, r-patched-linux-x86_64