Last updated on 2024-08-16 11:49:39 CEST.
Flavor | Version | Tinstall | Tcheck | Ttotal | Status | Flags |
---|---|---|---|---|---|---|
r-devel-linux-x86_64-debian-clang | 0.12 | 18.80 | 113.79 | 132.59 | OK | |
r-devel-linux-x86_64-debian-gcc | 0.12 | 11.53 | 73.26 | 84.79 | OK | |
r-devel-linux-x86_64-fedora-clang | 0.12 | 210.53 | OK | |||
r-devel-linux-x86_64-fedora-gcc | 0.12 | 194.14 | OK | |||
r-devel-windows-x86_64 | 0.12 | 20.00 | 148.00 | 168.00 | OK | |
r-patched-linux-x86_64 | 0.12 | 19.85 | 102.94 | 122.79 | OK | |
r-release-linux-x86_64 | 0.12 | 16.54 | 104.86 | 121.40 | OK | |
r-release-macos-arm64 | 0.12 | 52.00 | OK | |||
r-release-macos-x86_64 | 0.12 | 80.00 | OK | |||
r-release-windows-x86_64 | 0.12 | 21.00 | 142.00 | 163.00 | OK | |
r-oldrel-macos-arm64 | 0.12 | 55.00 | OK | |||
r-oldrel-macos-x86_64 | 0.12 | 97.00 | NOTE | |||
r-oldrel-windows-x86_64 | 0.12 | 25.00 | 179.00 | 204.00 | OK |
Version: 0.12
Check: package dependencies
Result: NOTE
Package suggested but not available for checking: ‘PerformanceAnalytics’
Flavor: r-oldrel-macos-x86_64