CRAN Package Check Results for Package DriftBurstHypothesis

Last updated on 2024-05-22 12:21:20 CEST.

Flavor Version Tinstall Tcheck Ttotal Status Flags
r-devel-linux-x86_64-debian-clang 0.4.0.1 50.36 43.00 93.36 NOTE
r-devel-linux-x86_64-debian-gcc 0.4.0.1 32.32 45.54 77.86 NOTE
r-devel-linux-x86_64-fedora-clang 0.4.0.1 134.47 NOTE
r-devel-linux-x86_64-fedora-gcc 0.4.0.1 133.39 NOTE
r-devel-windows-x86_64 0.4.0.1 39.00 75.00 114.00 NOTE
r-patched-linux-x86_64 0.4.0.1 50.04 59.61 109.65 NOTE
r-release-linux-x86_64 0.4.0.1 49.43 57.85 107.28 NOTE
r-release-macos-arm64 0.4.0.1 33.00 NOTE
r-release-windows-x86_64 0.4.0.1 39.00 74.00 113.00 NOTE
r-oldrel-macos-arm64 0.4.0.1 38.00 NOTE
r-oldrel-macos-x86_64 0.4.0.1 59.00 NOTE
r-oldrel-windows-x86_64 0.4.0.1 47.00 84.00 131.00 NOTE

Check Details

Version: 0.4.0.1
Check: C++ specification
Result: NOTE Specified C++11: please drop specification unless essential Flavors: r-devel-linux-x86_64-debian-clang, r-devel-linux-x86_64-debian-gcc, r-devel-linux-x86_64-fedora-clang, r-devel-linux-x86_64-fedora-gcc, r-devel-windows-x86_64, r-patched-linux-x86_64, r-release-linux-x86_64, r-release-macos-arm64, r-release-windows-x86_64, r-oldrel-macos-arm64, r-oldrel-macos-x86_64, r-oldrel-windows-x86_64