CRAN Package Check Results for Package EATME

Last updated on 2024-05-27 05:52:15 CEST.

Flavor Version Tinstall Tcheck Ttotal Status Flags
r-devel-linux-x86_64-debian-clang 0.1.0 2.59 64.25 66.84 OK
r-devel-linux-x86_64-debian-gcc 0.1.0 2.40 46.26 48.66 OK
r-devel-linux-x86_64-fedora-clang 0.1.0 82.00 NOTE
r-devel-linux-x86_64-fedora-gcc 0.1.0 76.56 NOTE
r-devel-windows-x86_64 0.1.0 3.00 72.00 75.00 OK
r-patched-linux-x86_64 0.1.0 3.15 62.62 65.77 OK
r-release-linux-x86_64 0.1.0 2.69 61.71 64.40 OK
r-release-macos-arm64 0.1.0 29.00 OK
r-release-windows-x86_64 0.1.0 4.00 73.00 77.00 OK
r-oldrel-macos-arm64 0.1.0 32.00 OK
r-oldrel-macos-x86_64 0.1.0 37.00 OK
r-oldrel-windows-x86_64 0.1.0 4.00 84.00 88.00 OK

Check Details

Version: 0.1.0
Check: dependencies in R code
Result: NOTE Namespace in Imports field not imported from: ‘qcr’ All declared Imports should be used. Flavors: r-devel-linux-x86_64-fedora-clang, r-devel-linux-x86_64-fedora-gcc