Last updated on 2023-09-28 11:55:30 CEST.
Flavor | Version | Tinstall | Tcheck | Ttotal | Status | Flags |
---|---|---|---|---|---|---|
r-devel-linux-x86_64-debian-clang | 0.2.3 | 42.63 | 241.66 | 284.29 | NOTE | |
r-devel-linux-x86_64-debian-gcc | 0.2.3 | 30.67 | 186.33 | 217.00 | NOTE | |
r-devel-linux-x86_64-fedora-clang | 0.2.3 | 356.61 | NOTE | |||
r-devel-linux-x86_64-fedora-gcc | 0.2.3 | 411.51 | NOTE | |||
r-devel-windows-x86_64 | 0.2.3 | 33.00 | 231.00 | 264.00 | NOTE | |
r-patched-linux-x86_64 | 0.2.3 | 38.76 | 243.15 | 281.91 | NOTE | |
r-release-linux-x86_64 | 0.2.3 | 43.16 | 240.54 | 283.70 | NOTE | |
r-release-macos-arm64 | 0.2.3 | 96.00 | NOTE | |||
r-release-macos-x86_64 | 0.2.3 | 165.00 | NOTE | |||
r-release-windows-x86_64 | 0.2.3 | 44.00 | 279.00 | 323.00 | NOTE | |
r-oldrel-macos-arm64 | 0.2.3 | 77.00 | NOTE | |||
r-oldrel-macos-x86_64 | 0.2.3 | 117.00 | NOTE | |||
r-oldrel-windows-x86_64 | 0.2.3 | 42.00 | 264.00 | 306.00 | NOTE |
Version: 0.2.3
Check: LazyData
Result: NOTE
'LazyData' is specified without a 'data' directory
Flavors: r-devel-linux-x86_64-debian-clang, r-devel-linux-x86_64-debian-gcc, r-devel-linux-x86_64-fedora-clang, r-devel-linux-x86_64-fedora-gcc, r-devel-windows-x86_64, r-patched-linux-x86_64, r-release-linux-x86_64, r-release-macos-arm64, r-release-macos-x86_64, r-release-windows-x86_64, r-oldrel-macos-arm64, r-oldrel-macos-x86_64, r-oldrel-windows-x86_64