CRAN Package Check Results for Package ECTTDNN

Last updated on 2021-10-28 11:51:25 CEST.

Flavor Version Tinstall Tcheck Ttotal Status Flags
r-devel-linux-x86_64-debian-clang 0.1.0 6.30 65.52 71.82 NOTE
r-devel-linux-x86_64-debian-gcc 0.1.0 5.17 49.95 55.12 NOTE
r-devel-linux-x86_64-fedora-clang 0.1.0 95.56 NOTE
r-devel-linux-x86_64-fedora-gcc 0.1.0 83.64 NOTE
r-devel-windows-x86_64 0.1.0 11.00 89.00 100.00 NOTE
r-devel-windows-x86_64-gcc10-UCRT 0.1.0 NOTE
r-patched-linux-x86_64 0.1.0 6.23 61.13 67.36 NOTE
r-patched-solaris-x86 0.1.0 126.30 NOTE
r-release-linux-x86_64 0.1.0 4.85 60.34 65.19 NOTE
r-release-macos-arm64 0.1.0 NOTE
r-release-macos-x86_64 0.1.0 NOTE
r-release-windows-ix86+x86_64 0.1.0 13.00 89.00 102.00 NOTE
r-oldrel-macos-x86_64 0.1.0 OK
r-oldrel-windows-ix86+x86_64 0.1.0 14.00 86.00 100.00 OK

Check Details

Version: 0.1.0
Check: LazyData
Result: NOTE
     'LazyData' is specified without a 'data' directory
Flavors: r-devel-linux-x86_64-debian-clang, r-devel-linux-x86_64-debian-gcc, r-devel-linux-x86_64-fedora-clang, r-devel-linux-x86_64-fedora-gcc, r-devel-windows-x86_64, r-devel-windows-x86_64-gcc10-UCRT, r-patched-linux-x86_64, r-patched-solaris-x86, r-release-linux-x86_64, r-release-macos-arm64, r-release-macos-x86_64, r-release-windows-ix86+x86_64