Last updated on 2023-06-08 01:02:27 CEST.
Flavor | Version | Tinstall | Tcheck | Ttotal | Status | Flags |
---|---|---|---|---|---|---|
r-devel-linux-x86_64-debian-clang | 1.0.3 | 12.32 | 89.91 | 102.23 | NOTE | |
r-devel-linux-x86_64-debian-gcc | 1.0.3 | 8.35 | 69.63 | 77.98 | NOTE | |
r-devel-linux-x86_64-fedora-clang | 1.0.3 | 126.95 | NOTE | |||
r-devel-linux-x86_64-fedora-gcc | 1.0.3 | 121.23 | NOTE | |||
r-devel-windows-x86_64 | 1.0.3 | 10.00 | 82.00 | 92.00 | OK | |
r-patched-linux-x86_64 | 1.0.3 | 11.46 | 87.31 | 98.77 | NOTE | |
r-release-linux-x86_64 | 1.0.3 | 7.50 | 87.40 | 94.90 | NOTE | |
r-release-macos-arm64 | 1.0.3 | 43.00 | OK | |||
r-release-macos-x86_64 | 1.0.3 | 74.00 | OK | |||
r-release-windows-x86_64 | 1.0.3 | 13.00 | 97.00 | 110.00 | OK | |
r-oldrel-macos-arm64 | 1.0.3 | 34.00 | OK | |||
r-oldrel-macos-x86_64 | 1.0.3 | 66.00 | OK | |||
r-oldrel-windows-x86_64 | 1.0.3 | 12.00 | 100.00 | 112.00 | OK |
Version: 1.0.3
Check: for non-standard things in the check directory
Result: NOTE
Found the following files/directories:
‘eval_test_LG_ROC.pdf’ ‘test.pdf’
Flavors: r-devel-linux-x86_64-debian-clang, r-devel-linux-x86_64-debian-gcc, r-devel-linux-x86_64-fedora-clang, r-devel-linux-x86_64-fedora-gcc, r-patched-linux-x86_64, r-release-linux-x86_64