CRAN Package Check Results for Package ELT

Last updated on 2020-11-23 17:48:28 CET.

Flavor Version Tinstall Tcheck Ttotal Status Flags
r-devel-linux-x86_64-debian-clang 1.6 18.64 100.51 119.15 OK
r-devel-linux-x86_64-debian-gcc 1.6 12.53 77.52 90.05 OK
r-devel-linux-x86_64-fedora-clang 1.6 142.46 OK
r-devel-linux-x86_64-fedora-gcc 1.6 132.79 OK
r-devel-windows-ix86+x86_64 1.6 23.00 78.00 101.00 OK
r-patched-linux-x86_64 1.6 17.92 94.00 111.92 OK
r-patched-solaris-x86 1.6 145.20 OK
r-release-linux-x86_64 1.6 15.06 92.71 107.77 OK
r-release-macos-x86_64 1.6 OK
r-release-windows-ix86+x86_64 1.6 16.00 73.00 89.00 OK
r-oldrel-macos-x86_64 1.6 OK
r-oldrel-windows-ix86+x86_64 1.6 12.00 6.00 18.00 ERROR

Check Details

Version: 1.6
Check: whether package can be installed
Result: ERROR
    Installation failed.
Flavor: r-oldrel-windows-ix86+x86_64