Last updated on 2024-03-29 11:53:51 CET.
Flavor | Version | Tinstall | Tcheck | Ttotal | Status | Flags |
---|---|---|---|---|---|---|
r-devel-linux-x86_64-debian-clang | 0.1.4 | 11.24 | 118.70 | 129.94 | NOTE | |
r-devel-linux-x86_64-debian-gcc | 0.1.4 | 11.76 | 90.08 | 101.84 | NOTE | |
r-devel-linux-x86_64-fedora-clang | 0.1.4 | 183.75 | NOTE | |||
r-devel-linux-x86_64-fedora-gcc | 0.1.4 | 167.46 | NOTE | |||
r-devel-windows-x86_64 | 0.1.4 | 12.00 | 100.00 | 112.00 | OK | |
r-patched-linux-x86_64 | 0.1.4 | 15.65 | 116.54 | 132.19 | NOTE | |
r-release-linux-x86_64 | 0.1.4 | 13.81 | 118.62 | 132.43 | OK | |
r-release-macos-arm64 | 0.1.4 | 52.00 | OK | |||
r-release-macos-x86_64 | 0.1.4 | 86.00 | OK | |||
r-release-windows-x86_64 | 0.1.4 | 16.00 | 123.00 | 139.00 | OK | |
r-oldrel-macos-arm64 | 0.1.4 | 47.00 | OK | |||
r-oldrel-windows-x86_64 | 0.1.4 | 19.00 | 120.00 | 139.00 | OK |
Version: 0.1.4
Check: Rd line widths
Result: NOTE
Rd file 'ema.powercurve.Rd':
\examples lines wider than 100 characters:
## Not run: ema.powercurve(NumbPart=80,NumbResp=200,COL.8="orange",COL.5="#FF5733",COL.3="#8E44AD")
These lines will be truncated in the PDF manual.
Flavors: r-devel-linux-x86_64-debian-clang, r-devel-linux-x86_64-debian-gcc, r-devel-linux-x86_64-fedora-clang, r-devel-linux-x86_64-fedora-gcc, r-patched-linux-x86_64