CRAN Package Check Results for Package ERSA

Last updated on 2022-01-18 05:50:12 CET.

Flavor Version Tinstall Tcheck Ttotal Status Flags
r-devel-linux-x86_64-debian-clang 0.1.3 8.07 81.52 89.59 NOTE
r-devel-linux-x86_64-debian-gcc 0.1.3 5.20 62.37 67.57 NOTE
r-devel-linux-x86_64-fedora-clang 0.1.3 108.56 NOTE
r-devel-linux-x86_64-fedora-gcc 0.1.3 94.62 NOTE
r-devel-windows-x86_64-new-UL 0.1.3 27.00 101.00 128.00 NOTE
r-devel-windows-x86_64-new-TK 0.1.3 ERROR
r-patched-linux-x86_64 0.1.3 7.45 75.44 82.89 NOTE
r-release-linux-x86_64 0.1.3 NOTE
r-release-macos-arm64 0.1.3 NOTE
r-release-macos-x86_64 0.1.3 NOTE
r-release-windows-ix86+x86_64 0.1.3 19.00 94.00 113.00 NOTE
r-oldrel-macos-x86_64 0.1.3 OK
r-oldrel-windows-ix86+x86_64 0.1.3 19.00 95.00 114.00 OK

Check Details

Version: 0.1.3
Check: LazyData
Result: NOTE
     'LazyData' is specified without a 'data' directory
Flavors: r-devel-linux-x86_64-debian-clang, r-devel-linux-x86_64-debian-gcc, r-devel-linux-x86_64-fedora-clang, r-devel-linux-x86_64-fedora-gcc, r-devel-windows-x86_64-new-UL, r-patched-linux-x86_64, r-release-linux-x86_64, r-release-macos-arm64, r-release-macos-x86_64, r-release-windows-ix86+x86_64

Version: 0.1.3
Check: package dependencies
Result: ERROR
    Package required but not available: 'car'
    
    See section 'The DESCRIPTION file' in the 'Writing R Extensions'
    manual.
Flavor: r-devel-windows-x86_64-new-TK