Last updated on 2023-05-28 12:01:49 CEST.
Flavor | Version | Tinstall | Tcheck | Ttotal | Status | Flags |
---|---|---|---|---|---|---|
r-devel-linux-x86_64-debian-clang | 3.1.1 | 4.79 | 450.07 | 454.86 | OK | |
r-devel-linux-x86_64-debian-gcc | 3.1.1 | 4.69 | 367.34 | 372.03 | OK | |
r-devel-linux-x86_64-fedora-clang | 3.1.1 | 571.91 | NOTE | |||
r-devel-linux-x86_64-fedora-gcc | 3.1.1 | 538.31 | NOTE | |||
r-devel-windows-x86_64 | 3.1.1 | 6.00 | 342.00 | 348.00 | OK | |
r-patched-linux-x86_64 | 3.1.1 | 6.20 | 463.59 | 469.79 | OK | |
r-release-linux-x86_64 | 3.1.1 | 4.93 | 391.42 | 396.35 | OK | |
r-release-macos-arm64 | 3.1.1 | 253.00 | OK | |||
r-release-macos-x86_64 | 3.1.1 | 317.00 | OK | |||
r-release-windows-x86_64 | 3.1.1 | 8.00 | 350.00 | 358.00 | OK | |
r-oldrel-macos-arm64 | 3.1.1 | 281.00 | NOTE | |||
r-oldrel-macos-x86_64 | 3.1.1 | 194.00 | NOTE | |||
r-oldrel-windows-x86_64 | 3.1.1 | 8.00 | 382.00 | 390.00 | OK |
Version: 3.1.1
Check: dependencies in R code
Result: NOTE
Namespace in Imports field not imported from: ‘BiocStyle’
All declared Imports should be used.
Flavors: r-devel-linux-x86_64-fedora-clang, r-devel-linux-x86_64-fedora-gcc, r-oldrel-macos-arm64, r-oldrel-macos-x86_64