CRAN Package Check Results for Package EcotoneFinder

Last updated on 2021-06-19 17:50:12 CEST.

Flavor Version Tinstall Tcheck Ttotal Status Flags
r-devel-linux-x86_64-debian-clang 0.2.3 5.73 103.60 109.33 NOTE
r-devel-linux-x86_64-debian-gcc 0.2.3 4.28 79.24 83.52 NOTE
r-devel-linux-x86_64-fedora-clang 0.2.3 137.56 NOTE
r-devel-linux-x86_64-fedora-gcc 0.2.3 130.58 NOTE
r-devel-windows-x86_64 0.2.3 9.00 142.00 151.00 NOTE
r-devel-windows-x86_64-gcc10-UCRT 0.2.3 NOTE
r-patched-linux-x86_64 0.2.3 5.73 103.89 109.62 NOTE
r-patched-solaris-x86 0.2.3 169.90 NOTE
r-release-linux-x86_64 0.2.3 5.01 102.43 107.44 NOTE
r-release-macos-arm64 0.2.3 NOTE
r-release-macos-x86_64 0.2.3 NOTE
r-release-windows-ix86+x86_64 0.2.3 12.00 147.00 159.00 NOTE
r-oldrel-macos-x86_64 0.2.3 NOTE
r-oldrel-windows-ix86+x86_64 0.2.3 9.00 122.00 131.00 OK

Check Details

Version: 0.2.3
Check: LazyData
Result: NOTE
     'LazyData' is specified without a 'data' directory
Flavors: r-devel-linux-x86_64-debian-clang, r-devel-linux-x86_64-debian-gcc, r-devel-linux-x86_64-fedora-clang, r-devel-linux-x86_64-fedora-gcc, r-devel-windows-x86_64, r-devel-windows-x86_64-gcc10-UCRT, r-patched-linux-x86_64, r-patched-solaris-x86, r-release-linux-x86_64, r-release-macos-arm64, r-release-macos-x86_64, r-release-windows-ix86+x86_64

Version: 0.2.3
Check: dependencies in R code
Result: NOTE
    Namespaces in Imports field not imported from:
     ‘Rmisc’ ‘rlang’
     All declared Imports should be used.
Flavors: r-devel-linux-x86_64-fedora-clang, r-devel-linux-x86_64-fedora-gcc, r-devel-windows-x86_64-gcc10-UCRT, r-patched-solaris-x86, r-release-macos-arm64, r-release-macos-x86_64, r-oldrel-macos-x86_64