Last updated on 2024-03-29 06:56:25 CET.
Flavor | Version | Tinstall | Tcheck | Ttotal | Status | Flags |
---|---|---|---|---|---|---|
r-devel-linux-x86_64-debian-clang | 0.4-6 | 8.39 | 62.57 | 70.96 | NOTE | |
r-devel-linux-x86_64-debian-gcc | 0.4-6 | 6.10 | 46.43 | 52.53 | NOTE | |
r-devel-linux-x86_64-fedora-clang | 0.4-6 | 95.41 | NOTE | |||
r-devel-linux-x86_64-fedora-gcc | 0.4-6 | 88.92 | NOTE | |||
r-devel-windows-x86_64 | 0.4-6 | 9.00 | 65.00 | 74.00 | OK | |
r-patched-linux-x86_64 | 0.4-6 | 8.32 | 60.72 | 69.04 | NOTE | |
r-release-linux-x86_64 | 0.4-6 | 6.25 | 61.65 | 67.90 | NOTE | |
r-release-macos-arm64 | 0.4-6 | 32.00 | OK | |||
r-release-macos-x86_64 | 0.4-6 | 61.00 | OK | |||
r-release-windows-x86_64 | 0.4-6 | 10.00 | 75.00 | 85.00 | NOTE | |
r-oldrel-macos-arm64 | 0.4-6 | 31.00 | OK | |||
r-oldrel-windows-x86_64 | 0.4-6 | 13.00 | 83.00 | 96.00 | NOTE |
Version: 0.4-6
Check: package dependencies
Result: NOTE
Package suggested but not available for checking: ‘lavaan.survey’
Flavors: r-devel-linux-x86_64-debian-clang, r-devel-linux-x86_64-debian-gcc, r-devel-linux-x86_64-fedora-clang, r-devel-linux-x86_64-fedora-gcc, r-patched-linux-x86_64, r-release-linux-x86_64, r-release-windows-x86_64, r-oldrel-windows-x86_64