Last updated on 2024-04-18 18:57:34 CEST.
Flavor | Version | Tinstall | Tcheck | Ttotal | Status | Flags |
---|---|---|---|---|---|---|
r-devel-linux-x86_64-debian-clang | 0.1-3 | 4.33 | 39.82 | 44.15 | OK | |
r-devel-linux-x86_64-debian-gcc | 0.1-3 | 3.29 | 31.07 | 34.36 | OK | |
r-devel-linux-x86_64-fedora-clang | 0.1-3 | 56.39 | NOTE | |||
r-devel-linux-x86_64-fedora-gcc | 0.1-3 | 55.37 | OK | |||
r-prerel-macos-arm64 | 0.1-3 | 20.00 | OK | |||
r-prerel-windows-x86_64 | 0.1-3 | 5.00 | 53.00 | 58.00 | OK | |
r-patched-linux-x86_64 | 0.1-3 | 4.50 | 39.39 | 43.89 | OK | |
r-release-linux-x86_64 | 0.1-3 | 3.62 | 39.95 | 43.57 | OK | |
r-release-macos-arm64 | 0.1-3 | 21.00 | OK | |||
r-release-macos-x86_64 | 0.1-3 | 36.00 | NOTE | |||
r-release-windows-x86_64 | 0.1-3 | 5.00 | 57.00 | 62.00 | OK | |
r-oldrel-macos-arm64 | 0.1-3 | 23.00 | OK | |||
r-oldrel-windows-x86_64 | 0.1-3 | 6.00 | 61.00 | 67.00 | OK |
Version: 0.1-3
Check: Rd cross-references
Result: NOTE
Undeclared package ‘carData’ in Rd xrefs
Flavor: r-devel-linux-x86_64-fedora-clang
Version: 0.1-3
Check: package dependencies
Result: NOTE
Packages suggested but not available for checking: 'DIFboost', 'VGAMdata'
Flavor: r-release-macos-x86_64
Version: 0.1-3
Check: Rd cross-references
Result: NOTE
Package unavailable to check Rd xrefs: ‘DIFboost’
Flavor: r-release-macos-x86_64