Last updated on 2024-04-19 00:11:52 CEST.
Flavor | Version | Tinstall | Tcheck | Ttotal | Status | Flags |
---|---|---|---|---|---|---|
r-devel-linux-x86_64-debian-clang | 1.2.3 | 553.35 | 31.59 | 584.94 | NOTE | |
r-devel-linux-x86_64-debian-gcc | 1.2.3 | 521.81 | 49.15 | 570.96 | NOTE | |
r-devel-linux-x86_64-fedora-clang | 1.2.3 | 712.44 | NOTE | |||
r-devel-linux-x86_64-fedora-gcc | 1.2.3 | 1019.17 | NOTE | |||
r-prerel-macos-arm64 | 1.2.3 | 182.00 | NOTE | |||
r-prerel-windows-x86_64 | 1.2.3 | 391.00 | 93.00 | 484.00 | NOTE | |
r-patched-linux-x86_64 | 1.2.3 | 620.77 | 60.22 | 680.99 | NOTE | |
r-release-linux-x86_64 | 1.2.3 | 620.19 | 59.82 | 680.01 | NOTE | |
r-release-macos-arm64 | 1.2.3 | 201.00 | NOTE | |||
r-release-macos-x86_64 | 1.2.3 | 315.00 | NOTE | |||
r-release-windows-x86_64 | 1.2.3 | 519.00 | 111.00 | 630.00 | NOTE | |
r-oldrel-macos-arm64 | 1.2.3 | 182.00 | NOTE | |||
r-oldrel-windows-x86_64 | 1.2.3 | 520.00 | 95.00 | 615.00 | OK |
Version: 1.2.3
Check: C++ specification
Result: NOTE
Specified C++11: please drop specification unless essential
Flavors: r-devel-linux-x86_64-debian-clang, r-devel-linux-x86_64-debian-gcc, r-devel-linux-x86_64-fedora-clang, r-devel-linux-x86_64-fedora-gcc, r-prerel-macos-arm64, r-prerel-windows-x86_64, r-patched-linux-x86_64, r-release-linux-x86_64, r-release-macos-arm64, r-release-macos-x86_64, r-release-windows-x86_64
Version: 1.2.3
Check: installed package size
Result: NOTE
installed size is 159.1Mb
sub-directories of 1Mb or more:
libs 158.9Mb
Flavors: r-prerel-macos-arm64, r-release-macos-arm64, r-release-macos-x86_64, r-oldrel-macos-arm64