Last updated on 2024-03-29 11:53:51 CET.
Flavor | Version | Tinstall | Tcheck | Ttotal | Status | Flags |
---|---|---|---|---|---|---|
r-devel-linux-x86_64-debian-clang | 1.0.4 | 388.29 | 45.61 | 433.90 | NOTE | |
r-devel-linux-x86_64-debian-gcc | 1.0.4 | 293.30 | 34.36 | 327.66 | NOTE | |
r-devel-linux-x86_64-fedora-clang | 1.0.4 | 818.04 | NOTE | |||
r-devel-linux-x86_64-fedora-gcc | 1.0.4 | 686.71 | NOTE | |||
r-devel-windows-x86_64 | 1.0.4 | 293.00 | 85.00 | 378.00 | NOTE | |
r-patched-linux-x86_64 | 1.0.4 | 292.65 | 44.04 | 336.69 | NOTE | |
r-release-linux-x86_64 | 1.0.4 | 301.41 | 43.97 | 345.38 | NOTE | |
r-release-macos-arm64 | 1.0.4 | 146.00 | NOTE | |||
r-release-macos-x86_64 | 1.0.4 | 250.00 | NOTE | |||
r-release-windows-x86_64 | 1.0.4 | 368.00 | 94.00 | 462.00 | NOTE | |
r-oldrel-macos-arm64 | 1.0.4 | 135.00 | NOTE | |||
r-oldrel-windows-x86_64 | 1.0.4 | 379.00 | 87.00 | 466.00 | OK |
Version: 1.0.4
Check: C++ specification
Result: NOTE
Specified C++11: please drop specification unless essential
Flavors: r-devel-linux-x86_64-debian-clang, r-devel-linux-x86_64-debian-gcc, r-devel-linux-x86_64-fedora-clang, r-devel-linux-x86_64-fedora-gcc, r-devel-windows-x86_64, r-patched-linux-x86_64, r-release-linux-x86_64, r-release-macos-arm64, r-release-macos-x86_64, r-release-windows-x86_64
Version: 1.0.4
Check: Rd files
Result: NOTE
checkRd: (-1) minimize.Rd:22: Lost braces in \itemize; meant \describe ?
checkRd: (-1) minimize.Rd:23: Lost braces in \itemize; meant \describe ?
checkRd: (-1) minimize.Rd:24: Lost braces in \itemize; meant \describe ?
checkRd: (-1) minimize.Rd:25: Lost braces in \itemize; meant \describe ?
checkRd: (-1) minimize.Rd:26: Lost braces in \itemize; meant \describe ?
checkRd: (-1) minimize.Rd:27: Lost braces in \itemize; meant \describe ?
checkRd: (-1) minimize.Rd:28: Lost braces in \itemize; meant \describe ?
checkRd: (-1) minimize.Rd:29: Lost braces in \itemize; meant \describe ?
checkRd: (-1) minimize.Rd:30: Lost braces in \itemize; meant \describe ?
checkRd: (-1) minimize.Rd:31: Lost braces in \itemize; meant \describe ?
checkRd: (-1) minimize.Rd:32: Lost braces in \itemize; meant \describe ?
checkRd: (-1) minimize.Rd:33: Lost braces in \itemize; meant \describe ?
Flavors: r-devel-linux-x86_64-debian-clang, r-devel-linux-x86_64-debian-gcc, r-devel-linux-x86_64-fedora-clang, r-devel-linux-x86_64-fedora-gcc, r-devel-windows-x86_64, r-patched-linux-x86_64
Version: 1.0.4
Check: installed package size
Result: NOTE
installed size is 9.4Mb
sub-directories of 1Mb or more:
libs 9.0Mb
Flavors: r-release-macos-arm64, r-release-macos-x86_64, r-oldrel-macos-arm64