CRAN Package Check Results for Package EmiR

Last updated on 2024-04-24 12:56:33 CEST.

Flavor Version Tinstall Tcheck Ttotal Status Flags
r-devel-linux-x86_64-debian-clang 1.0.4 391.43 45.71 437.14 NOTE
r-devel-linux-x86_64-debian-gcc 1.0.4 296.40 34.31 330.71 NOTE
r-devel-linux-x86_64-fedora-clang 1.0.4 752.99 NOTE
r-devel-linux-x86_64-fedora-gcc 1.0.4 675.51 NOTE
r-devel-windows-x86_64 1.0.4 314.00 82.00 396.00 NOTE
r-patched-linux-x86_64 1.0.4 382.09 42.76 424.85 NOTE
r-release-linux-x86_64 1.0.4 317.42 43.79 361.21 NOTE
r-release-macos-arm64 1.0.4 146.00 NOTE
r-release-windows-x86_64 1.0.4 302.00 84.00 386.00 NOTE
r-oldrel-macos-arm64 1.0.4 135.00 NOTE
r-oldrel-macos-x86_64 1.0.4 250.00 NOTE
r-oldrel-windows-x86_64 1.0.4 380.00 83.00 463.00 OK

Check Details

Version: 1.0.4
Check: C++ specification
Result: NOTE Specified C++11: please drop specification unless essential Flavors: r-devel-linux-x86_64-debian-clang, r-devel-linux-x86_64-debian-gcc, r-devel-linux-x86_64-fedora-clang, r-devel-linux-x86_64-fedora-gcc, r-devel-windows-x86_64, r-patched-linux-x86_64, r-release-linux-x86_64, r-release-macos-arm64, r-release-windows-x86_64, r-oldrel-macos-x86_64

Version: 1.0.4
Check: Rd files
Result: NOTE checkRd: (-1) minimize.Rd:22: Lost braces in \itemize; meant \describe ? checkRd: (-1) minimize.Rd:23: Lost braces in \itemize; meant \describe ? checkRd: (-1) minimize.Rd:24: Lost braces in \itemize; meant \describe ? checkRd: (-1) minimize.Rd:25: Lost braces in \itemize; meant \describe ? checkRd: (-1) minimize.Rd:26: Lost braces in \itemize; meant \describe ? checkRd: (-1) minimize.Rd:27: Lost braces in \itemize; meant \describe ? checkRd: (-1) minimize.Rd:28: Lost braces in \itemize; meant \describe ? checkRd: (-1) minimize.Rd:29: Lost braces in \itemize; meant \describe ? checkRd: (-1) minimize.Rd:30: Lost braces in \itemize; meant \describe ? checkRd: (-1) minimize.Rd:31: Lost braces in \itemize; meant \describe ? checkRd: (-1) minimize.Rd:32: Lost braces in \itemize; meant \describe ? checkRd: (-1) minimize.Rd:33: Lost braces in \itemize; meant \describe ? Flavors: r-devel-linux-x86_64-debian-clang, r-devel-linux-x86_64-debian-gcc, r-devel-linux-x86_64-fedora-clang, r-devel-linux-x86_64-fedora-gcc, r-devel-windows-x86_64, r-patched-linux-x86_64, r-release-windows-x86_64

Version: 1.0.4
Check: installed package size
Result: NOTE installed size is 9.4Mb sub-directories of 1Mb or more: libs 9.0Mb Flavors: r-release-macos-arm64, r-oldrel-macos-arm64, r-oldrel-macos-x86_64