Last updated on 2024-04-18 06:09:45 CEST.
Flavor | Version | Tinstall | Tcheck | Ttotal | Status | Flags |
---|---|---|---|---|---|---|
r-devel-linux-x86_64-debian-clang | 1.1 | 4.78 | 86.54 | 91.32 | NOTE | |
r-devel-linux-x86_64-debian-gcc | 1.1 | 5.30 | 69.33 | 74.63 | NOTE | |
r-devel-linux-x86_64-fedora-clang | 1.1 | 118.40 | NOTE | |||
r-devel-linux-x86_64-fedora-gcc | 1.1 | 123.57 | NOTE | |||
r-prerel-macos-arm64 | 1.1 | 46.00 | NOTE | |||
r-prerel-windows-x86_64 | 1.1 | 6.00 | 99.00 | 105.00 | NOTE | |
r-patched-linux-x86_64 | 1.1 | 7.35 | 94.28 | 101.63 | NOTE | |
r-release-linux-x86_64 | 1.1 | 6.75 | 88.64 | 95.39 | OK | |
r-release-macos-arm64 | 1.1 | 42.00 | OK | |||
r-release-macos-x86_64 | 1.1 | 75.00 | OK | |||
r-release-windows-x86_64 | 1.1 | 9.00 | 105.00 | 114.00 | OK | |
r-oldrel-macos-arm64 | 1.1 | 47.00 | OK | |||
r-oldrel-windows-x86_64 | 1.1 | 9.00 | 112.00 | 121.00 | OK |
Version: 1.1
Check: Rd files
Result: NOTE
checkRd: (-1) CTN.Rd:22: Lost braces; missing escapes or markup?
22 | less memory. Genetic data consists of nucleotide data {A,T,C,G} and are usually saved
| ^
Flavors: r-devel-linux-x86_64-debian-clang, r-devel-linux-x86_64-debian-gcc, r-devel-linux-x86_64-fedora-clang, r-devel-linux-x86_64-fedora-gcc, r-prerel-macos-arm64, r-prerel-windows-x86_64, r-patched-linux-x86_64