CRAN Package Check Results for Package EstMix

Last updated on 2024-02-28 17:48:25 CET.

Flavor Version Tinstall Tcheck Ttotal Status Flags
r-devel-linux-x86_64-debian-clang 1.0.1 106.13 48.07 154.20 OK
r-devel-linux-x86_64-debian-gcc 1.0.1 73.75 36.14 109.89 OK
r-devel-linux-x86_64-fedora-clang 1.0.1 209.41 OK
r-devel-linux-x86_64-fedora-gcc 1.0.1 210.22 OK
r-devel-windows-x86_64 1.0.1 71.00 83.00 154.00 OK
r-patched-linux-x86_64 1.0.1 89.00 46.50 135.50 OK
r-release-linux-x86_64 1.0.1 95.73 46.25 141.98 OK
r-release-macos-arm64 1.0.1 5.00 ERROR
r-release-macos-x86_64 1.0.1 90.00 OK
r-release-windows-x86_64 1.0.1 90.00 94.00 184.00 OK
r-oldrel-macos-arm64 1.0.1 41.00 OK
r-oldrel-windows-x86_64 1.0.1 87.00 83.00 170.00 OK

Check Details

Version: 1.0.1
Check: package dependencies
Result: ERROR Package required but not available: ‘PSCBS’ See section ‘The DESCRIPTION file’ in the ‘Writing R Extensions’ manual. Flavor: r-release-macos-arm64