CRAN Package Check Results for Package EstMix

Last updated on 2024-07-18 17:49:04 CEST.

Flavor Version Tinstall Tcheck Ttotal Status Flags
r-devel-linux-x86_64-debian-clang 1.0.1 94.43 47.60 142.03 OK
r-devel-linux-x86_64-debian-gcc 1.0.1 59.05 35.62 94.67 OK
r-devel-linux-x86_64-fedora-clang 1.0.1 208.50 OK
r-devel-linux-x86_64-fedora-gcc 1.0.1 214.66 OK
r-devel-windows-x86_64 1.0.1 73.00 83.00 156.00 OK
r-patched-linux-x86_64 1.0.1 76.62 45.56 122.18 OK
r-release-linux-x86_64 1.0.1 85.50 45.14 130.64 OK
r-release-macos-arm64 1.0.1 44.00 OK
r-release-macos-x86_64 1.0.1 52.00 OK
r-release-windows-x86_64 1.0.1 74.00 82.00 156.00 OK
r-oldrel-macos-arm64 1.0.1 5.00 ERROR
r-oldrel-macos-x86_64 1.0.1 90.00 OK
r-oldrel-windows-x86_64 1.0.1 91.00 92.00 183.00 OK

Check Details

Version: 1.0.1
Check: package dependencies
Result: ERROR Package required but not available: ‘PSCBS’ See section ‘The DESCRIPTION file’ in the ‘Writing R Extensions’ manual. Flavor: r-oldrel-macos-arm64