Last updated on 2023-06-05 18:54:02 CEST.
Flavor | Version | Tinstall | Tcheck | Ttotal | Status | Flags |
---|---|---|---|---|---|---|
r-devel-linux-x86_64-debian-clang | 0.3.2 | 1.25 | 2.25 | 3.50 | ERROR | |
r-devel-linux-x86_64-debian-gcc | 0.3.2 | 10.63 | 223.18 | 233.81 | OK | |
r-devel-linux-x86_64-fedora-clang | 0.3.2 | 386.15 | NOTE | |||
r-devel-linux-x86_64-fedora-gcc | 0.3.2 | 383.07 | OK | |||
r-devel-windows-x86_64 | 0.3.2 | 13.00 | 239.00 | 252.00 | NOTE | |
r-patched-linux-x86_64 | 0.3.2 | 15.91 | 291.14 | 307.05 | OK | |
r-release-linux-x86_64 | 0.3.2 | 9.86 | 287.80 | 297.66 | OK | |
r-release-macos-arm64 | 0.3.2 | 129.00 | NOTE | |||
r-release-macos-x86_64 | 0.3.2 | 179.00 | NOTE | |||
r-release-windows-x86_64 | 0.3.2 | 17.00 | 296.00 | 313.00 | NOTE | |
r-oldrel-macos-arm64 | 0.3.2 | 146.00 | NOTE | |||
r-oldrel-macos-x86_64 | 0.3.2 | 164.00 | NOTE | |||
r-oldrel-windows-x86_64 | 0.3.2 | 17.00 | 306.00 | 323.00 | NOTE |
Version: 0.3.2
Check: package dependencies
Result: ERROR
Packages required but not available: 'ggtree', 'treeio'
See section ‘The DESCRIPTION file’ in the ‘Writing R Extensions’
manual.
Flavor: r-devel-linux-x86_64-debian-clang
Version: 0.3.2
Check: installed package size
Result: NOTE
installed size is 6.8Mb
sub-directories of 1Mb or more:
data 2.5Mb
doc 1.6Mb
extdata 2.4Mb
Flavors: r-devel-linux-x86_64-fedora-clang, r-devel-windows-x86_64, r-release-macos-arm64, r-release-macos-x86_64, r-release-windows-x86_64, r-oldrel-macos-arm64, r-oldrel-macos-x86_64, r-oldrel-windows-x86_64