CRAN Package Check Results for Package ExpertChoice

Last updated on 2024-04-13 11:49:39 CEST.

Flavor Version Tinstall Tcheck Ttotal Status Flags
r-devel-linux-x86_64-debian-clang 0.2.0 2.93 56.74 59.67 NOTE
r-devel-linux-x86_64-debian-gcc 0.2.0 1.83 43.92 45.75 NOTE
r-devel-linux-x86_64-fedora-clang 0.2.0 74.20 NOTE
r-devel-linux-x86_64-fedora-gcc 0.2.0 85.58 NOTE
r-devel-windows-x86_64 0.2.0 4.00 74.00 78.00 NOTE
r-patched-linux-x86_64 0.2.0 2.29 55.28 57.57 NOTE
r-release-linux-x86_64 0.2.0 2.71 52.70 55.41 NOTE
r-release-macos-arm64 0.2.0 35.00 NOTE
r-release-macos-x86_64 0.2.0 55.00 NOTE
r-release-windows-x86_64 0.2.0 4.00 76.00 80.00 NOTE
r-oldrel-macos-arm64 0.2.0 28.00 NOTE
r-oldrel-windows-x86_64 0.2.0 4.00 79.00 83.00 NOTE

Check Details

Version: 0.2.0
Check: LazyData
Result: NOTE 'LazyData' is specified without a 'data' directory Flavors: r-devel-linux-x86_64-debian-clang, r-devel-linux-x86_64-debian-gcc, r-devel-linux-x86_64-fedora-clang, r-devel-linux-x86_64-fedora-gcc, r-devel-windows-x86_64, r-patched-linux-x86_64, r-release-linux-x86_64, r-release-macos-arm64, r-release-macos-x86_64, r-release-windows-x86_64, r-oldrel-macos-arm64, r-oldrel-windows-x86_64