CRAN Package Check Results for Package FAOSTAT

Last updated on 2020-08-09 23:47:16 CEST.

Flavor Version Tinstall Tcheck Ttotal Status Flags
r-devel-linux-x86_64-debian-clang 2.1.2 7.19 59.97 67.16 OK
r-devel-linux-x86_64-debian-gcc 2.1.2 5.57 45.11 50.68 OK
r-devel-linux-x86_64-fedora-clang 2.1.2 89.83 NOTE
r-devel-linux-x86_64-fedora-gcc 2.1.2 77.78 NOTE
r-devel-windows-ix86+x86_64 2.1.2 17.00 108.00 125.00 OK
r-patched-linux-x86_64 2.1.2 5.93 58.27 64.20 OK
r-patched-solaris-x86 2.1.2 111.20 NOTE
r-release-linux-x86_64 2.1.2 6.07 57.90 63.97 OK
r-release-macos-x86_64 2.1.2 NOTE
r-release-windows-ix86+x86_64 2.1.2 23.00 109.00 132.00 OK
r-oldrel-macos-x86_64 2.1.2 NOTE
r-oldrel-windows-ix86+x86_64 2.1.2 11.00 82.00 93.00 OK

Check Details

Version: 2.1.2
Check: data for non-ASCII characters
Result: NOTE
     Note: found 179 marked UTF-8 strings
Flavors: r-devel-linux-x86_64-fedora-clang, r-devel-linux-x86_64-fedora-gcc, r-patched-solaris-x86, r-release-macos-x86_64, r-oldrel-macos-x86_64