CRAN Package Check Results for Package FBFsearch

Last updated on 2020-10-23 23:47:03 CEST.

Flavor Version Tinstall Tcheck Ttotal Status Flags
r-devel-linux-x86_64-debian-clang 1.1 26.63 31.98 58.61 OK
r-devel-linux-x86_64-debian-gcc 1.1 21.60 25.07 46.67 OK
r-devel-linux-x86_64-fedora-clang 1.1 86.36 NOTE
r-devel-linux-x86_64-fedora-gcc 1.1 76.16 NOTE
r-devel-windows-ix86+x86_64 1.1 64.00 70.00 134.00 NOTE
r-patched-linux-x86_64 1.1 24.28 30.43 54.71 OK
r-patched-solaris-x86 1.1 89.90 OK
r-release-linux-x86_64 1.1 24.99 30.56 55.55 OK
r-release-macos-x86_64 1.1 NOTE
r-release-windows-ix86+x86_64 1.1 46.00 71.00 117.00 NOTE
r-oldrel-macos-x86_64 1.1 NOTE
r-oldrel-windows-ix86+x86_64 1.1 58.00 51.00 109.00 NOTE

Additional issues

clang-UBSAN

Check Details

Version: 1.1
Check: installed package size
Result: NOTE
     installed size is 5.8Mb
     sub-directories of 1Mb or more:
     data 3.5Mb
     libs 2.1Mb
Flavors: r-devel-linux-x86_64-fedora-clang, r-devel-windows-ix86+x86_64, r-release-macos-x86_64, r-release-windows-ix86+x86_64, r-oldrel-macos-x86_64, r-oldrel-windows-ix86+x86_64

Version: 1.1
Check: compiled code
Result: NOTE
    File ‘FBFsearch/libs/FBFsearch.so’:
     Found no calls to: ‘R_registerRoutines’, ‘R_useDynamicSymbols’
    
    It is good practice to register native routines and to disable symbol
    search.
    
    See ‘Writing portable packages’ in the ‘Writing R Extensions’ manual.
Flavors: r-devel-linux-x86_64-fedora-clang, r-devel-linux-x86_64-fedora-gcc