Last updated on 2023-09-23 11:50:16 CEST.
Flavor | Version | Tinstall | Tcheck | Ttotal | Status | Flags |
---|---|---|---|---|---|---|
r-devel-linux-x86_64-debian-clang | 1.2 | 25.96 | 34.65 | 60.61 | OK | |
r-devel-linux-x86_64-debian-gcc | 1.2 | 21.02 | 31.09 | 52.11 | OK | |
r-devel-linux-x86_64-fedora-clang | 1.2 | 84.23 | OK | |||
r-devel-linux-x86_64-fedora-gcc | 1.2 | 85.02 | OK | |||
r-devel-windows-x86_64 | 1.2 | 24.00 | 69.00 | 93.00 | OK | |
r-patched-linux-x86_64 | 1.2 | 27.47 | 34.61 | 62.08 | OK | |
r-release-linux-x86_64 | 1.2 | 29.48 | 34.64 | 64.12 | OK | |
r-release-macos-arm64 | 1.2 | 30.00 | NOTE | |||
r-release-macos-x86_64 | 1.2 | 44.00 | NOTE | |||
r-release-windows-x86_64 | 1.2 | 30.00 | 80.00 | 110.00 | OK | |
r-oldrel-macos-arm64 | 1.2 | 28.00 | NOTE | |||
r-oldrel-macos-x86_64 | 1.2 | 39.00 | NOTE | |||
r-oldrel-windows-x86_64 | 1.2 | 30.00 | 77.00 | 107.00 | OK |
Version: 1.2
Check: installed package size
Result: NOTE
installed size is 6.0Mb
sub-directories of 1Mb or more:
data 3.5Mb
libs 2.3Mb
Flavors: r-release-macos-arm64, r-release-macos-x86_64, r-oldrel-macos-arm64, r-oldrel-macos-x86_64