CRAN Package Check Results for Package FCPS

Last updated on 2021-07-27 23:51:11 CEST.

Flavor Version Tinstall Tcheck Ttotal Status Flags
r-devel-linux-x86_64-debian-clang 1.3.0 11.36 180.75 192.11 OK
r-devel-linux-x86_64-debian-gcc 1.3.0 9.89 131.63 141.52 OK
r-devel-linux-x86_64-fedora-clang 1.3.0 233.42 NOTE
r-devel-linux-x86_64-fedora-gcc 1.3.0 224.85 OK
r-devel-windows-x86_64 1.3.0 22.00 252.00 274.00 NOTE
r-devel-windows-x86_64-gcc10-UCRT 1.3.0 OK
r-patched-linux-x86_64 1.3.0 13.39 170.81 184.20 OK
r-patched-solaris-x86 1.3.0 239.30 NOTE
r-release-linux-x86_64 1.3.0 11.96 172.40 184.36 OK
r-release-macos-arm64 1.3.0 NOTE
r-release-macos-x86_64 1.3.0 NOTE
r-release-windows-ix86+x86_64 1.3.0 25.00 178.00 203.00 NOTE
r-oldrel-macos-x86_64 1.3.0 NOTE
r-oldrel-windows-ix86+x86_64 1.3.0 22.00 242.00 264.00 NOTE

Check Details

Version: 1.3.0
Check: installed package size
Result: NOTE
     installed size is 6.5Mb
     sub-directories of 1Mb or more:
     data 2.4Mb
     doc 3.5Mb
Flavors: r-devel-linux-x86_64-fedora-clang, r-devel-windows-x86_64, r-patched-solaris-x86, r-release-macos-arm64, r-release-macos-x86_64, r-release-windows-ix86+x86_64, r-oldrel-macos-x86_64, r-oldrel-windows-ix86+x86_64