Last updated on 2024-08-16 11:49:40 CEST.
Flavor | Version | Tinstall | Tcheck | Ttotal | Status | Flags |
---|---|---|---|---|---|---|
r-devel-linux-x86_64-debian-clang | 1.3.4 | 12.52 | 150.40 | 162.92 | OK | |
r-devel-linux-x86_64-debian-gcc | 1.3.4 | 9.00 | 106.45 | 115.45 | OK | |
r-devel-linux-x86_64-fedora-clang | 1.3.4 | 273.32 | NOTE | |||
r-devel-linux-x86_64-fedora-gcc | 1.3.4 | 279.31 | OK | |||
r-devel-windows-x86_64 | 1.3.4 | 17.00 | 186.00 | 203.00 | NOTE | |
r-patched-linux-x86_64 | 1.3.4 | 13.43 | 140.69 | 154.12 | OK | |
r-release-linux-x86_64 | 1.3.4 | 11.10 | 142.93 | 154.03 | OK | |
r-release-macos-arm64 | 1.3.4 | 75.00 | NOTE | |||
r-release-macos-x86_64 | 1.3.4 | 208.00 | NOTE | |||
r-release-windows-x86_64 | 1.3.4 | 16.00 | 184.00 | 200.00 | NOTE | |
r-oldrel-macos-arm64 | 1.3.4 | 95.00 | NOTE | |||
r-oldrel-macos-x86_64 | 1.3.4 | 196.00 | NOTE | |||
r-oldrel-windows-x86_64 | 1.3.4 | 19.00 | 234.00 | 253.00 | NOTE |
Version: 1.3.4
Check: installed package size
Result: NOTE
installed size is 6.9Mb
sub-directories of 1Mb or more:
data 2.3Mb
doc 3.9Mb
Flavors: r-devel-linux-x86_64-fedora-clang, r-devel-windows-x86_64, r-release-macos-arm64, r-release-macos-x86_64, r-release-windows-x86_64, r-oldrel-macos-arm64, r-oldrel-macos-x86_64, r-oldrel-windows-x86_64