Last updated on 2024-08-16 11:49:40 CEST.
Flavor | Version | Tinstall | Tcheck | Ttotal | Status | Flags |
---|---|---|---|---|---|---|
r-devel-linux-x86_64-debian-clang | 1.5.1 | 6.52 | 65.01 | 71.53 | OK | |
r-devel-linux-x86_64-debian-gcc | 1.5.1 | 5.85 | 46.91 | 52.76 | OK | |
r-devel-linux-x86_64-fedora-clang | 1.5.1 | 116.31 | NOTE | |||
r-devel-linux-x86_64-fedora-gcc | 1.5.1 | 109.63 | OK | |||
r-devel-windows-x86_64 | 1.5.1 | 8.00 | 83.00 | 91.00 | OK | |
r-patched-linux-x86_64 | 1.5.1 | 7.30 | 60.67 | 67.97 | OK | |
r-release-linux-x86_64 | 1.5.1 | 7.86 | 61.55 | 69.41 | OK | |
r-release-macos-arm64 | 1.5.1 | 38.00 | OK | |||
r-release-macos-x86_64 | 1.5.1 | 58.00 | OK | |||
r-release-windows-x86_64 | 1.5.1 | 9.00 | 84.00 | 93.00 | OK | |
r-oldrel-macos-arm64 | 1.5.1 | 43.00 | OK | |||
r-oldrel-macos-x86_64 | 1.5.1 | 89.00 | OK | |||
r-oldrel-windows-x86_64 | 1.5.1 | 11.00 | 97.00 | 108.00 | OK |
Version: 1.5.1
Check: Rd cross-references
Result: NOTE
Undeclared packages ‘MLEcens’, ‘Icens’ in Rd xrefs
Flavor: r-devel-linux-x86_64-fedora-clang