CRAN Package Check Results for Package FITSio

Last updated on 2019-07-16 05:48:13 CEST.

Flavor Version Tinstall Tcheck Ttotal Status Flags
r-devel-linux-x86_64-debian-clang 2.1-0 2.76 21.01 23.77 NOTE
r-devel-linux-x86_64-debian-gcc 2.1-0 1.79 17.58 19.37 NOTE
r-devel-linux-x86_64-fedora-clang 2.1-0 30.50 NOTE
r-devel-linux-x86_64-fedora-gcc 2.1-0 28.11 NOTE
r-devel-windows-ix86+x86_64 2.1-0 5.00 28.00 33.00 OK
r-patched-linux-x86_64 2.1-0 2.46 22.02 24.48 OK
r-patched-solaris-x86 2.1-0 44.30 OK
r-release-linux-x86_64 2.1-0 2.49 21.56 24.05 OK
r-release-windows-ix86+x86_64 2.1-0 6.00 44.00 50.00 OK
r-release-osx-x86_64 2.1-0 OK
r-oldrel-windows-ix86+x86_64 2.1-0 3.00 28.00 31.00 OK
r-oldrel-osx-x86_64 2.1-0 OK

Check Details

Version: 2.1-0
Check: for non-standard things in the check directory
Result: NOTE
    Found the following files/directories:
     'test_modified.fits'
Flavors: r-devel-linux-x86_64-debian-clang, r-devel-linux-x86_64-debian-gcc, r-devel-linux-x86_64-fedora-clang, r-devel-linux-x86_64-fedora-gcc