CRAN Package Check Results for Package FKF.SP

Last updated on 2021-06-19 17:50:13 CEST.

Flavor Version Tinstall Tcheck Ttotal Status Flags
r-devel-linux-x86_64-debian-clang 0.1.2 2.93 47.49 50.42 OK
r-devel-linux-x86_64-debian-gcc 0.1.2 2.16 38.08 40.24 OK
r-devel-linux-x86_64-fedora-clang 0.1.2 69.40 NOTE
r-devel-linux-x86_64-fedora-gcc 0.1.2 59.86 NOTE
r-devel-windows-x86_64 0.1.2 6.00 48.00 54.00 OK
r-devel-windows-x86_64-gcc10-UCRT 0.1.2 NOTE
r-patched-linux-x86_64 0.1.2 2.89 46.89 49.78 OK
r-patched-solaris-x86 0.1.2 96.90 NOTE
r-release-linux-x86_64 0.1.2 2.78 45.78 48.56 OK
r-release-macos-arm64 0.1.2 NOTE
r-release-macos-x86_64 0.1.2 NOTE
r-release-windows-ix86+x86_64 0.1.2 10.00 68.00 78.00 OK
r-oldrel-macos-x86_64 0.1.2 NOTE
r-oldrel-windows-ix86+x86_64 0.1.2 7.00 60.00 67.00 OK

Check Details

Version: 0.1.2
Check: dependencies in R code
Result: NOTE
    Namespaces in Imports field not imported from:
     ‘Rdpack’ ‘curl’ ‘mathjaxr’
     All declared Imports should be used.
Flavors: r-devel-linux-x86_64-fedora-clang, r-devel-linux-x86_64-fedora-gcc, r-devel-windows-x86_64-gcc10-UCRT, r-patched-solaris-x86, r-release-macos-arm64, r-release-macos-x86_64, r-oldrel-macos-x86_64