Last updated on 2023-05-28 01:53:57 CEST.
Flavor | Version | Tinstall | Tcheck | Ttotal | Status | Flags |
---|---|---|---|---|---|---|
r-devel-linux-x86_64-debian-clang | 0.5.2 | 9.03 | 257.85 | 266.88 | OK | |
r-devel-linux-x86_64-debian-gcc | 0.5.2 | 7.51 | 190.29 | 197.80 | OK | |
r-devel-linux-x86_64-fedora-clang | 0.5.2 | 350.69 | NOTE | |||
r-devel-linux-x86_64-fedora-gcc | 0.5.2 | 326.07 | NOTE | |||
r-devel-windows-x86_64 | 0.5.2 | 9.00 | 238.00 | 247.00 | OK | |
r-patched-linux-x86_64 | 0.5.2 | 7.80 | 243.28 | 251.08 | OK | |
r-release-linux-x86_64 | 0.5.2 | 6.43 | 243.95 | 250.38 | OK | |
r-release-macos-arm64 | 0.5.2 | 103.00 | OK | |||
r-release-macos-x86_64 | 0.5.2 | 178.00 | OK | |||
r-release-windows-x86_64 | 0.5.2 | 12.00 | 291.00 | 303.00 | OK | |
r-oldrel-macos-arm64 | 0.5.2 | 89.00 | NOTE | |||
r-oldrel-macos-x86_64 | 0.5.2 | 140.00 | NOTE | |||
r-oldrel-windows-x86_64 | 0.5.2 | 12.00 | 277.00 | 289.00 | OK |
Version: 0.5.2
Check: dependencies in R code
Result: NOTE
Namespace in Imports field not imported from: ‘rgdal’
All declared Imports should be used.
Flavors: r-devel-linux-x86_64-fedora-clang, r-devel-linux-x86_64-fedora-gcc, r-oldrel-macos-arm64, r-oldrel-macos-x86_64