Last updated on 2024-08-16 11:49:40 CEST.
Flavor | Version | Tinstall | Tcheck | Ttotal | Status | Flags |
---|---|---|---|---|---|---|
r-devel-linux-x86_64-debian-clang | 1.1.1 | 9.59 | 93.47 | 103.06 | NOTE | |
r-devel-linux-x86_64-debian-gcc | 1.1.1 | 7.52 | 65.65 | 73.17 | NOTE | |
r-devel-linux-x86_64-fedora-clang | 1.1.1 | 163.68 | NOTE | |||
r-devel-linux-x86_64-fedora-gcc | 1.1.1 | 151.49 | NOTE | |||
r-devel-windows-x86_64 | 1.1.1 | 12.00 | 105.00 | 117.00 | NOTE | |
r-patched-linux-x86_64 | 1.1.1 | 11.37 | 87.97 | 99.34 | NOTE | |
r-release-linux-x86_64 | 1.1.1 | 9.67 | 88.13 | 97.80 | NOTE | |
r-release-macos-arm64 | 1.1.1 | 42.00 | NOTE | |||
r-release-macos-x86_64 | 1.1.1 | 71.00 | NOTE | |||
r-release-windows-x86_64 | 1.1.1 | 11.00 | 103.00 | 114.00 | NOTE | |
r-oldrel-macos-arm64 | 1.1.1 | 51.00 | OK | |||
r-oldrel-macos-x86_64 | 1.1.1 | 74.00 | OK | |||
r-oldrel-windows-x86_64 | 1.1.1 | 17.00 | 130.00 | 147.00 | OK |
Version: 1.1.1
Check: Rd files
Result: NOTE
checkRd: (-1) autoFMradio.Rd:46: Lost braces; missing escapes or markup?
46 | Step 1 (regularized correlation matrix estimation) is performed using the \code{X}, \code{t}, and {fold} arguments.
| ^
Flavors: r-devel-linux-x86_64-debian-clang, r-devel-linux-x86_64-debian-gcc, r-devel-linux-x86_64-fedora-clang, r-devel-linux-x86_64-fedora-gcc, r-devel-windows-x86_64, r-patched-linux-x86_64, r-release-linux-x86_64, r-release-macos-arm64, r-release-macos-x86_64, r-release-windows-x86_64