CRAN Package Check Results for Package FREEtree

Last updated on 2021-06-18 05:48:45 CEST.

Flavor Version Tinstall Tcheck Ttotal Status Flags
r-devel-linux-x86_64-debian-clang 0.1.0 28.40 300.67 329.07 OK
r-devel-linux-x86_64-debian-gcc 0.1.0 23.80 225.06 248.86 OK
r-devel-linux-x86_64-fedora-clang 0.1.0 407.10 NOTE
r-devel-linux-x86_64-fedora-gcc 0.1.0 381.08 NOTE
r-devel-windows-x86_64 0.1.0 43.00 325.00 368.00 OK
r-devel-windows-x86_64-gcc10-UCRT 0.1.0 NOTE
r-patched-linux-x86_64 0.1.0 26.40 281.46 307.86 OK
r-patched-solaris-x86 0.1.0 574.30 NOTE
r-release-linux-x86_64 0.1.0 26.62 283.39 310.01 OK
r-release-macos-arm64 0.1.0 ERROR
r-release-macos-x86_64 0.1.0 ERROR
r-release-windows-ix86+x86_64 0.1.0 67.00 329.00 396.00 OK
r-oldrel-macos-x86_64 0.1.0 NOTE
r-oldrel-windows-ix86+x86_64 0.1.0 43.00 291.00 334.00 OK

Check Details

Version: 0.1.0
Check: dependencies in R code
Result: NOTE
    Namespace in Imports field not imported from: ‘MASS’
     All declared Imports should be used.
Flavors: r-devel-linux-x86_64-fedora-clang, r-devel-linux-x86_64-fedora-gcc, r-devel-windows-x86_64-gcc10-UCRT, r-patched-solaris-x86, r-oldrel-macos-x86_64

Version: 0.1.0
Check: package dependencies
Result: ERROR
    Package required but not available: ‘WGCNA’
    
    See section ‘The DESCRIPTION file’ in the ‘Writing R Extensions’
    manual.
Flavors: r-release-macos-arm64, r-release-macos-x86_64