Last updated on 2021-03-06 11:48:40 CET.
Flavor | Version | Tinstall | Tcheck | Ttotal | Status | Flags |
---|---|---|---|---|---|---|
r-devel-linux-x86_64-debian-clang | 2020.11-18 | 6.34 | 68.12 | 74.46 | OK | |
r-devel-linux-x86_64-debian-gcc | 2020.11-18 | 6.06 | 52.09 | 58.15 | OK | |
r-devel-linux-x86_64-fedora-clang | 2020.11-18 | 98.91 | OK | |||
r-devel-linux-x86_64-fedora-gcc | 2020.11-18 | 89.61 | OK | |||
r-devel-windows-ix86+x86_64 | 2020.11-18 | 17.00 | 86.00 | 103.00 | OK | |
r-patched-linux-x86_64 | 2020.11-18 | OK | ||||
r-patched-solaris-x86 | 2020.11-18 | 133.50 | OK | |||
r-release-linux-x86_64 | 2020.11-18 | 7.22 | 64.65 | 71.87 | OK | |
r-release-macos-x86_64 | 2020.11-18 | OK | ||||
r-release-windows-ix86+x86_64 | 2020.11-18 | 16.00 | 62.00 | 78.00 | OK | |
r-oldrel-macos-x86_64 | 2020.11-18 | NOTE | ||||
r-oldrel-windows-ix86+x86_64 | 2020.11-18 | 10.00 | 62.00 | 72.00 | NOTE |
Version: 2020.11-18
Check: R code for possible problems
Result: NOTE
plot.fsdam: no visible global function definition for ‘plot’
Undefined global functions or variables:
plot
Consider adding
importFrom("graphics", "plot")
to your NAMESPACE file.
Flavors: r-oldrel-macos-x86_64, r-oldrel-windows-ix86+x86_64