CRAN Package Check Results for Package FSinR

Last updated on 2021-04-15 05:47:55 CEST.

Flavor Version Tinstall Tcheck Ttotal Status Flags
r-devel-linux-x86_64-debian-clang 2.0.5 17.98 333.20 351.18 OK
r-devel-linux-x86_64-debian-gcc 2.0.5 16.07 240.09 256.16 OK
r-devel-linux-x86_64-fedora-clang 2.0.5 403.67 NOTE
r-devel-linux-x86_64-fedora-gcc 2.0.5 399.54 NOTE
r-devel-windows-ix86+x86_64 2.0.5 46.00 380.00 426.00 OK
r-devel-windows-x86_64-gcc10-UCRT 2.0.5 NOTE
r-patched-linux-x86_64 2.0.5 19.10 305.64 324.74 OK
r-patched-solaris-x86 2.0.5 511.20 NOTE
r-release-linux-x86_64 2.0.5 19.90 309.74 329.64 OK
r-release-macos-x86_64 2.0.5 NOTE
r-release-windows-ix86+x86_64 2.0.5 42.00 401.00 443.00 OK
r-oldrel-macos-x86_64 2.0.5 NOTE
r-oldrel-windows-ix86+x86_64 2.0.5 27.00 266.00 293.00 OK

Check Details

Version: 2.0.5
Check: dependencies in R code
Result: NOTE
    Namespaces in Imports field not imported from:
     ‘class’ ‘mlbench’ ‘neuralnet’ ‘rpart’
     All declared Imports should be used.
Flavors: r-devel-linux-x86_64-fedora-clang, r-devel-linux-x86_64-fedora-gcc, r-devel-windows-x86_64-gcc10-UCRT, r-patched-solaris-x86, r-release-macos-x86_64, r-oldrel-macos-x86_64